{"id":425,"date":"2026-01-22T10:27:15","date_gmt":"2026-01-22T09:27:15","guid":{"rendered":"https:\/\/actionmall.act.at\/shop\/2567\/?post_type=product&#038;p=425"},"modified":"2026-01-22T10:27:15","modified_gmt":"2026-01-22T09:27:15","slug":"ipad-air","status":"publish","type":"product","link":"https:\/\/actionmall.act.at\/shop\/2567\/produkt\/ipad-air\/","title":{"rendered":"iPad Air"},"content":{"rendered":"<p>Das iPad Air bietet ein schlankes, leichtes Design mit einem leistungsstarken Apple-Chip, einem brillanten Display und vielseitigen Einsatzm\u00f6glichkeiten \u2013 ideal f\u00fcr Produktivit\u00e4t, Kreativit\u00e4t und Unterhaltung unterwegs.<\/p>\n","protected":false},"excerpt":{"rendered":"<p>Das iPad Air bietet ein schlankes, leichtes Design mit einem leistungsstarken Apple-Chip, einem brillanten Display und vielseitigen Einsatzm\u00f6glichkeiten \u2013 ideal f\u00fcr Produktivit\u00e4t, Kreativit\u00e4t und Unterhaltung unterwegs.<\/p>\n","protected":false},"featured_media":254,"template":"","meta":[],"product_cat":[],"product_tag":[],"class_list":{"0":"post-425","1":"product","2":"type-product","3":"status-publish","4":"has-post-thumbnail","7":"first","8":"instock","9":"taxable","10":"shipping-taxable","11":"purchasable","12":"product-type-simple"},"_links":{"self":[{"href":"https:\/\/actionmall.act.at\/shop\/2567\/wp-json\/wp\/v2\/product\/425"}],"collection":[{"href":"https:\/\/actionmall.act.at\/shop\/2567\/wp-json\/wp\/v2\/product"}],"about":[{"href":"https:\/\/actionmall.act.at\/shop\/2567\/wp-json\/wp\/v2\/types\/product"}],"wp:featuredmedia":[{"embeddable":true,"href":"https:\/\/actionmall.act.at\/shop\/2567\/wp-json\/wp\/v2\/media\/254"}],"wp:attachment":[{"href":"https:\/\/actionmall.act.at\/shop\/2567\/wp-json\/wp\/v2\/media?parent=425"}],"wp:term":[{"taxonomy":"product_cat","embeddable":true,"href":"https:\/\/actionmall.act.at\/shop\/2567\/wp-json\/wp\/v2\/product_cat?post=425"},{"taxonomy":"product_tag","embeddable":true,"href":"https:\/\/actionmall.act.at\/shop\/2567\/wp-json\/wp\/v2\/product_tag?post=425"}],"curies":[{"name":"wp","href":"https:\/\/api.w.org\/{rel}","templated":true}]}}