{"id":377,"date":"2026-04-20T15:20:28","date_gmt":"2026-04-20T13:20:28","guid":{"rendered":"https:\/\/actionmall.act.at\/shop\/2610\/?post_type=product&#038;p=377"},"modified":"2026-04-20T15:20:29","modified_gmt":"2026-04-20T13:20:29","slug":"premium-fusion","status":"publish","type":"product","link":"https:\/\/actionmall.act.at\/shop\/2610\/produkt\/premium-fusion\/","title":{"rendered":"Premium Fusion"},"content":{"rendered":"<div class=\"flex flex-col text-sm pb-25\">\n<section class=\"text-token-text-primary w-full focus:outline-none [--shadow-height:45px] has-data-writing-block:pointer-events-none has-data-writing-block:-mt-(--shadow-height) has-data-writing-block:pt-(--shadow-height) [&#038;:has([data-writing-block])>*]:pointer-events-auto scroll-mt-[calc(var(&#8211;header-height)+min(200px,max(70px,20svh)))]&#8220; dir=&#8220;auto&#8220; data-turn-id=&#8220;request-WEB:d96e5eb4-b109-44a2-909f-cadcef00ea1e-1&#8243; data-testid=&#8220;conversation-turn-4&#8243; data-scroll-anchor=&#8220;true&#8220; data-turn=&#8220;assistant&#8220;><\/p>\n<div class=\"text-base my-auto mx-auto pb-10 [--thread-content-margin:var(--thread-content-margin-xs,calc(var(--spacing)*4))] @w-sm\/main:[--thread-content-margin:var(--thread-content-margin-sm,calc(var(--spacing)*6))] @w-lg\/main:[--thread-content-margin:var(--thread-content-margin-lg,calc(var(--spacing)*16))] px-(--thread-content-margin)\">\n<div class=\"[--thread-content-max-width:40rem] @w-lg\/main:[--thread-content-max-width:48rem] mx-auto max-w-(--thread-content-max-width) flex-1 group\/turn-messages focus-visible:outline-hidden relative flex w-full min-w-0 flex-col agent-turn\">\n<div class=\"flex max-w-full flex-col gap-4 grow\">\n<div class=\"min-h-8 text-message relative flex w-full flex-col items-end gap-2 text-start break-words whitespace-normal outline-none keyboard-focused:focus-ring [.text-message+&#038;]:mt-1\" dir=\"auto\" data-message-author-role=\"assistant\" data-message-id=\"8184846d-a61d-4e90-ae82-d415b9d1a8c5\" data-message-model-slug=\"gpt-5-3\" data-turn-start-message=\"true\">\n<div class=\"flex w-full flex-col gap-1 empty:hidden\">\n<div class=\"markdown prose dark:prose-invert w-full wrap-break-word light markdown-new-styling\">\n<p data-start=\"0\" data-end=\"112\">Ein elegantes 4-G\u00e4nge-Men\u00fc, das luxuri\u00f6se Aromen mit moderner Raffinesse vereint. Edel. Intensiv. Unvergesslich.<\/p>\n<p data-start=\"114\" data-end=\"253\"><strong data-start=\"114\" data-end=\"132\">1. Tuna Tataki<\/strong><br data-start=\"132\" data-end=\"135\" \/>Kurz angebratener Thunfisch, im Kern roh und zart, umh\u00fcllt von einer feinen Sesamkruste \u2013 pur, aromatisch und pr\u00e4zise.<\/p>\n<p data-start=\"255\" data-end=\"392\"><strong data-start=\"255\" data-end=\"281\">2. Gebratene Foie Gras<\/strong><br data-start=\"281\" data-end=\"284\" \/>Zart schmelzende Foie Gras, veredelt mit einer fruchtigen Reduktion \u2013 ein Spiel aus Tiefe, S\u00fc\u00dfe und Eleganz.<\/p>\n<p data-start=\"394\" data-end=\"567\"><strong data-start=\"394\" data-end=\"429\">3. Lammkarree mit Kr\u00e4uterkruste<\/strong><br data-start=\"429\" data-end=\"432\" \/>Rosa gebratenes Lamm, umh\u00fcllt von einer aromatischen Kr\u00e4uterkruste, begleitet von kr\u00e4ftiger Jus \u2013 saftig, ausdrucksstark und klassisch.<\/p>\n<p data-start=\"569\" data-end=\"701\"><strong data-start=\"569\" data-end=\"595\">4. Matcha-Cr\u00e8me-Br\u00fbl\u00e9e<\/strong><br data-start=\"595\" data-end=\"598\" \/>Fein karamellisierte Cr\u00e8me Br\u00fbl\u00e9e, veredelt mit edlem Matcha \u2013 cremig, leicht herb und au\u00dfergew\u00f6hnlich.<\/p>\n<p data-start=\"703\" data-end=\"819\" data-is-last-node=\"\" data-is-only-node=\"\">Luxuri\u00f6s. Ausdrucksstark. Zeitlos.<br data-start=\"737\" data-end=\"740\" \/>F\u00fcr Genie\u00dfer, die h\u00f6chste Kochkunst in ihrer intensivsten Form erleben m\u00f6chten.<\/p>\n<\/div>\n<\/div>\n<\/div>\n<\/div>\n<div class=\"z-0 flex min-h-[46px] justify-start\"><\/div>\n<\/div>\n<\/div>\n<\/section>\n<\/div>\n<div class=\"pointer-events-none h-px w-px absolute bottom-0\" aria-hidden=\"true\" data-edge=\"true\"><\/div>\n","protected":false},"excerpt":{"rendered":"","protected":false},"featured_media":378,"template":"","meta":[],"product_cat":[44],"product_tag":[],"class_list":{"0":"post-377","1":"product","2":"type-product","3":"status-publish","4":"has-post-thumbnail","6":"product_cat-essen-und-trinken","8":"first","9":"instock","10":"taxable","11":"shipping-taxable","12":"purchasable","13":"product-type-simple"},"_links":{"self":[{"href":"https:\/\/actionmall.act.at\/shop\/2610\/wp-json\/wp\/v2\/product\/377"}],"collection":[{"href":"https:\/\/actionmall.act.at\/shop\/2610\/wp-json\/wp\/v2\/product"}],"about":[{"href":"https:\/\/actionmall.act.at\/shop\/2610\/wp-json\/wp\/v2\/types\/product"}],"wp:featuredmedia":[{"embeddable":true,"href":"https:\/\/actionmall.act.at\/shop\/2610\/wp-json\/wp\/v2\/media\/378"}],"wp:attachment":[{"href":"https:\/\/actionmall.act.at\/shop\/2610\/wp-json\/wp\/v2\/media?parent=377"}],"wp:term":[{"taxonomy":"product_cat","embeddable":true,"href":"https:\/\/actionmall.act.at\/shop\/2610\/wp-json\/wp\/v2\/product_cat?post=377"},{"taxonomy":"product_tag","embeddable":true,"href":"https:\/\/actionmall.act.at\/shop\/2610\/wp-json\/wp\/v2\/product_tag?post=377"}],"curies":[{"name":"wp","href":"https:\/\/api.w.org\/{rel}","templated":true}]}}