{"id":257,"date":"2025-10-07T14:07:01","date_gmt":"2025-10-07T12:07:01","guid":{"rendered":"https:\/\/actionmall.act.at\/shop\/2716\/?post_type=product&#038;p=257"},"modified":"2025-10-07T14:07:01","modified_gmt":"2025-10-07T12:07:01","slug":"feuerloeschspray-250","status":"publish","type":"product","link":"https:\/\/actionmall.act.at\/shop\/2716\/produkt\/feuerloeschspray-250\/","title":{"rendered":"Feuerl\u00f6schspray 250"},"content":{"rendered":"<ul>\n<li><strong>F\u00fcllmenge: 250ml<\/strong><\/li>\n<li><strong>Brandklassen: A,B,F<\/strong><\/li>\n<li>Einfache und sichere Bedienung- wie eine Spr\u00fchdose<\/li>\n<li>Geringes Gewicht &#8211; zum Mitnehmen geeignet<\/li>\n<li>Geeignet f\u00fcr Entstehungsbr\u00e4nde bei festen und fl\u00fcssigen Stoffen und Speisefette sowie -\u00f6le<\/li>\n<li>Einsatz bei elektrischen Anlagen bis zu 1000 V<\/li>\n<li>Reichweite bis zu 4,5 m<\/li>\n<li>Ca. 30 Sekunden Spr\u00fchzeit<\/li>\n<li>Robustes und hochwertiges Material<\/li>\n<li>Schlag- und sto\u00dffest<\/li>\n<\/ul>\n","protected":false},"excerpt":{"rendered":"<p>Die kleine Version unseres FS 625, noch kompakter und simpler in der Bedienung!<\/p>\n<p>Geringes Gewicht und zum mitnehmen geeignet!<\/p>\n","protected":false},"featured_media":256,"template":"","meta":[],"product_cat":[],"product_tag":[],"class_list":{"0":"post-257","1":"product","2":"type-product","3":"status-publish","4":"has-post-thumbnail","7":"first","8":"instock","9":"taxable","10":"shipping-taxable","11":"purchasable","12":"product-type-simple"},"_links":{"self":[{"href":"https:\/\/actionmall.act.at\/shop\/2716\/wp-json\/wp\/v2\/product\/257"}],"collection":[{"href":"https:\/\/actionmall.act.at\/shop\/2716\/wp-json\/wp\/v2\/product"}],"about":[{"href":"https:\/\/actionmall.act.at\/shop\/2716\/wp-json\/wp\/v2\/types\/product"}],"wp:featuredmedia":[{"embeddable":true,"href":"https:\/\/actionmall.act.at\/shop\/2716\/wp-json\/wp\/v2\/media\/256"}],"wp:attachment":[{"href":"https:\/\/actionmall.act.at\/shop\/2716\/wp-json\/wp\/v2\/media?parent=257"}],"wp:term":[{"taxonomy":"product_cat","embeddable":true,"href":"https:\/\/actionmall.act.at\/shop\/2716\/wp-json\/wp\/v2\/product_cat?post=257"},{"taxonomy":"product_tag","embeddable":true,"href":"https:\/\/actionmall.act.at\/shop\/2716\/wp-json\/wp\/v2\/product_tag?post=257"}],"curies":[{"name":"wp","href":"https:\/\/api.w.org\/{rel}","templated":true}]}}