{"id":309,"date":"2025-10-14T14:58:42","date_gmt":"2025-10-14T12:58:42","guid":{"rendered":"https:\/\/actionmall.act.at\/shop\/2716\/?post_type=product&#038;p=309"},"modified":"2025-10-14T14:58:43","modified_gmt":"2025-10-14T12:58:43","slug":"loeschdecke","status":"publish","type":"product","link":"https:\/\/actionmall.act.at\/shop\/2716\/produkt\/loeschdecke\/","title":{"rendered":"L\u00f6schdecke"},"content":{"rendered":"<p>Gr\u00f6\u00dfe: 100 x 100 cm<\/p>\n<p>Brandklassen: A, B, F<\/p>\n<p><img loading=\"lazy\" decoding=\"async\" class=\"alignnone size-full wp-image-310\" src=\"https:\/\/actionmall.act.at\/shop\/2716\/wp-content\/uploads\/2025\/10\/LD.png\" alt=\"\" width=\"270\" height=\"255\" \/><\/p>\n","protected":false},"excerpt":{"rendered":"<p>Gr\u00f6\u00dfe: 100 x 100 cm<\/p>\n<p>Brandklassen: A, B, F<\/p>\n<p>&nbsp;<\/p>\n","protected":false},"featured_media":311,"template":"","meta":[],"product_cat":[],"product_tag":[],"class_list":{"0":"post-309","1":"product","2":"type-product","3":"status-publish","4":"has-post-thumbnail","7":"first","8":"instock","9":"taxable","10":"shipping-taxable","11":"purchasable","12":"product-type-simple"},"_links":{"self":[{"href":"https:\/\/actionmall.act.at\/shop\/2716\/wp-json\/wp\/v2\/product\/309"}],"collection":[{"href":"https:\/\/actionmall.act.at\/shop\/2716\/wp-json\/wp\/v2\/product"}],"about":[{"href":"https:\/\/actionmall.act.at\/shop\/2716\/wp-json\/wp\/v2\/types\/product"}],"wp:featuredmedia":[{"embeddable":true,"href":"https:\/\/actionmall.act.at\/shop\/2716\/wp-json\/wp\/v2\/media\/311"}],"wp:attachment":[{"href":"https:\/\/actionmall.act.at\/shop\/2716\/wp-json\/wp\/v2\/media?parent=309"}],"wp:term":[{"taxonomy":"product_cat","embeddable":true,"href":"https:\/\/actionmall.act.at\/shop\/2716\/wp-json\/wp\/v2\/product_cat?post=309"},{"taxonomy":"product_tag","embeddable":true,"href":"https:\/\/actionmall.act.at\/shop\/2716\/wp-json\/wp\/v2\/product_tag?post=309"}],"curies":[{"name":"wp","href":"https:\/\/api.w.org\/{rel}","templated":true}]}}