{"id":560,"date":"2026-04-08T13:59:58","date_gmt":"2026-04-08T11:59:58","guid":{"rendered":"https:\/\/actionmall.act.at\/shop\/2852\/?post_type=product&#038;p=560"},"modified":"2026-04-08T14:01:46","modified_gmt":"2026-04-08T12:01:46","slug":"maibaum-hoodie","status":"publish","type":"product","link":"https:\/\/actionmall.act.at\/shop\/2852\/produkt\/maibaum-hoodie\/","title":{"rendered":"Maibaum Hoodie 2026 \u2013 Limitierte Edition"},"content":{"rendered":"<p data-start=\"70\" data-end=\"120\"><strong data-start=\"70\" data-end=\"118\">KAB Maibaum Hoodie 2026 \u2013 Limitierte Edition<\/strong><\/p>\n<p data-start=\"122\" data-end=\"309\">Zeig deine Zugeh\u00f6rigkeit zur <strong data-start=\"151\" data-end=\"176\">KAB Maibaum Crew 2026<\/strong> \u2013 mit unserem exklusiven <strong data-start=\"202\" data-end=\"229\">KAB Maibaum Hoodie 2026<\/strong>! Kuschelig, stylish und perfekt f\u00fcr k\u00fchle Maibaum-Abende oder das ganze Jahr.<\/p>\n<p data-start=\"311\" data-end=\"499\">Der <strong data-start=\"315\" data-end=\"336\">gro\u00dfe R\u00fcckenprint<\/strong> mit <strong data-start=\"341\" data-end=\"359\">\u201eMAIBAUM CREW\u201c<\/strong>, Maibaum-Motiv und <strong data-start=\"379\" data-end=\"393\">\u201eKAB 2026\u201c<\/strong> macht dich zum Hingucker, w\u00e4hrend die Vorderseite clean bleibt \u2013 klassisch und vielseitig kombinierbar.<\/p>\n<p data-start=\"501\" data-end=\"539\"><strong data-start=\"501\" data-end=\"537\">Warum du diesen Hoodie brauchst:<\/strong><\/p>\n<ul data-start=\"540\" data-end=\"778\">\n<li data-section-id=\"wbl1mx\" data-start=\"540\" data-end=\"601\">\ud83d\udd25 <strong data-start=\"545\" data-end=\"567\">Limitierte Auflage<\/strong> \u2013 nur solange der Vorrat reicht<\/li>\n<li data-section-id=\"19filqj\" data-start=\"602\" data-end=\"656\">\ud83d\udc8e <strong data-start=\"607\" data-end=\"635\">Hochwertiger R\u00fcckenprint<\/strong> f\u00fcr markanten Look<\/li>\n<li data-section-id=\"1xhhzov\" data-start=\"657\" data-end=\"711\">\ud83d\ude0e <strong data-start=\"662\" data-end=\"680\">Moderner Style<\/strong> trifft auf Maibaum-Tradition<\/li>\n<li data-section-id=\"p7uj5j\" data-start=\"712\" data-end=\"778\">\ud83e\udde5 <strong data-start=\"717\" data-end=\"745\">Weicher, bequemer Hoodie<\/strong> f\u00fcr den perfekten Tragekomfort<\/li>\n<\/ul>\n<p data-start=\"780\" data-end=\"881\">Mach dich bereit f\u00fcr Maibaum-Feste \u2013 <strong data-start=\"817\" data-end=\"879\">sichere dir deinen Hoodie, bevor er weg ist! KAB 2026 \ud83c\udf33\ud83c\udf7b<\/strong><\/p>\n","protected":false},"excerpt":{"rendered":"<p>KAB Maibaum Hoodie 2026 \u2013 Limitierte Edition Zeig deine Zugeh\u00f6rigkeit zur KAB Maibaum Crew 2026 \u2013 mit unserem exklusiven KAB Maibaum Hoodie 2026! Kuschelig, stylish und perfekt f\u00fcr k\u00fchle Maibaum-Abende oder das ganze Jahr. Der gro\u00dfe R\u00fcckenprint mit \u201eMAIBAUM CREW\u201c, Maibaum-Motiv und \u201eKAB 2026\u201c macht dich zum Hingucker, w\u00e4hrend die Vorderseite clean bleibt \u2013 klassisch [&hellip;]<\/p>\n","protected":false},"featured_media":561,"template":"","meta":[],"product_cat":[34],"product_tag":[],"class_list":{"0":"post-560","1":"product","2":"type-product","3":"status-publish","4":"has-post-thumbnail","6":"product_cat-autos-und-fahrzeuge","8":"first","9":"instock","10":"taxable","11":"shipping-taxable","12":"purchasable","13":"product-type-simple"},"_links":{"self":[{"href":"https:\/\/actionmall.act.at\/shop\/2852\/wp-json\/wp\/v2\/product\/560"}],"collection":[{"href":"https:\/\/actionmall.act.at\/shop\/2852\/wp-json\/wp\/v2\/product"}],"about":[{"href":"https:\/\/actionmall.act.at\/shop\/2852\/wp-json\/wp\/v2\/types\/product"}],"wp:featuredmedia":[{"embeddable":true,"href":"https:\/\/actionmall.act.at\/shop\/2852\/wp-json\/wp\/v2\/media\/561"}],"wp:attachment":[{"href":"https:\/\/actionmall.act.at\/shop\/2852\/wp-json\/wp\/v2\/media?parent=560"}],"wp:term":[{"taxonomy":"product_cat","embeddable":true,"href":"https:\/\/actionmall.act.at\/shop\/2852\/wp-json\/wp\/v2\/product_cat?post=560"},{"taxonomy":"product_tag","embeddable":true,"href":"https:\/\/actionmall.act.at\/shop\/2852\/wp-json\/wp\/v2\/product_tag?post=560"}],"curies":[{"name":"wp","href":"https:\/\/api.w.org\/{rel}","templated":true}]}}