{"id":281,"date":"2024-11-21T13:55:07","date_gmt":"2024-11-21T12:55:07","guid":{"rendered":"https:\/\/actionmall.act.at\/shop\/2890\/?post_type=product&#038;p=281"},"modified":"2026-01-29T13:36:03","modified_gmt":"2026-01-29T12:36:03","slug":"schluesselschrank-key-glass-white-magnetverschluss","status":"publish","type":"product","link":"https:\/\/actionmall.act.at\/shop\/2890\/produkt\/schluesselschrank-key-glass-white-magnetverschluss\/","title":{"rendered":"Schl\u00fcsselschrank Metall"},"content":{"rendered":"<p>Der Schl\u00fcsselschrank Key Metall ist optisch sch\u00f6n und funktionell zugleich. Hinter der hochwertigen Glast\u00fcre, die mit Magnetverschluss schlie\u00dft, sind 8 Haken f\u00fcr Ihre Schl\u00fcssel angebracht. Ein Stift mit magnetischem Stiftehalter und 4 Magnete sind als Zubeh\u00f6r dabei. So k\u00f6nnen Sie diese moderne Schl\u00fcsselaufbewahrung auch als Platz f\u00fcr Notizzettel, Bilder etc. nutzen und schlagen somit 2 Fliegen mit einer Klappe.<\/p>\n<p>Gewicht: 2.0 kg<\/p>\n<p>Ma\u00dfe: 300 x 200 x 40 mm<\/p>\n","protected":false},"excerpt":{"rendered":"<p>Der Schl\u00fcsselschrank Key Metall ist optisch sch\u00f6n und funktionell zugleich. Hinter der hochwertigen Glast\u00fcre, die mit Magnetverschluss schlie\u00dft, sind 8 Haken f\u00fcr Ihre Schl\u00fcssel angebracht. Ein Stift mit magnetischem Stiftehalter und 4 Magnete sind als Zubeh\u00f6r dabei. So k\u00f6nnen Sie diese moderne Schl\u00fcsselaufbewahrung auch als Platz f\u00fcr Notizzettel, Bilder etc. nutzen und schlagen somit 2 [&hellip;]<\/p>\n","protected":false},"featured_media":361,"template":"","meta":[],"product_cat":[],"product_tag":[],"class_list":{"0":"post-281","1":"product","2":"type-product","3":"status-publish","4":"has-post-thumbnail","7":"first","8":"instock","9":"taxable","10":"shipping-taxable","11":"purchasable","12":"product-type-simple"},"_links":{"self":[{"href":"https:\/\/actionmall.act.at\/shop\/2890\/wp-json\/wp\/v2\/product\/281"}],"collection":[{"href":"https:\/\/actionmall.act.at\/shop\/2890\/wp-json\/wp\/v2\/product"}],"about":[{"href":"https:\/\/actionmall.act.at\/shop\/2890\/wp-json\/wp\/v2\/types\/product"}],"wp:featuredmedia":[{"embeddable":true,"href":"https:\/\/actionmall.act.at\/shop\/2890\/wp-json\/wp\/v2\/media\/361"}],"wp:attachment":[{"href":"https:\/\/actionmall.act.at\/shop\/2890\/wp-json\/wp\/v2\/media?parent=281"}],"wp:term":[{"taxonomy":"product_cat","embeddable":true,"href":"https:\/\/actionmall.act.at\/shop\/2890\/wp-json\/wp\/v2\/product_cat?post=281"},{"taxonomy":"product_tag","embeddable":true,"href":"https:\/\/actionmall.act.at\/shop\/2890\/wp-json\/wp\/v2\/product_tag?post=281"}],"curies":[{"name":"wp","href":"https:\/\/api.w.org\/{rel}","templated":true}]}}