{"id":300,"date":"2026-03-11T15:56:11","date_gmt":"2026-03-11T14:56:11","guid":{"rendered":"https:\/\/actionmall.act.at\/shop\/2899\/?post_type=product&#038;p=300"},"modified":"2026-04-08T15:55:03","modified_gmt":"2026-04-08T13:55:03","slug":"ipfbacher-blubberbande-orange-2","status":"publish","type":"product","link":"https:\/\/actionmall.act.at\/shop\/2899\/produkt\/ipfbacher-blubberbande-orange-2\/","title":{"rendered":"Ipfbacher Blubberbande Orange"},"content":{"rendered":"<p data-start=\"1614\" data-end=\"1842\">Die <strong data-start=\"1618\" data-end=\"1651\">Ipfbacher Blubberbande Orange<\/strong> bringt den sonnigen Geschmack saftiger Orangen direkt ins Glas. Die fruchtige S\u00fc\u00dfe der Orange verbindet sich mit feiner Kohlens\u00e4ure zu einer erfrischenden Limonade, die f\u00fcr gute Laune sorgt.<\/p>\n<p data-start=\"1844\" data-end=\"2029\">Mit ihrem ausgewogenen Geschmack ist sie der perfekte Begleiter f\u00fcr jede Gelegenheit \u2013 ob beim Grillen, beim Treffen mit Freunden oder einfach als fruchtige Erfrischung zwischendurch.<\/p>\n<p data-start=\"1844\" data-end=\"2029\">Ipfbacher Blubberbande Orange \u2013 sonnig, fruchtig und blubbernd gut!<\/p>\n","protected":false},"excerpt":{"rendered":"<p>Die Ipfbacher Blubberbande Orange bringt den sonnigen Geschmack saftiger Orangen direkt ins Glas. Die fruchtige S\u00fc\u00dfe der Orange verbindet sich mit feiner Kohlens\u00e4ure zu einer erfrischenden Limonade, die f\u00fcr gute Laune sorgt. Mit ihrem ausgewogenen Geschmack ist sie der perfekte Begleiter f\u00fcr jede Gelegenheit \u2013 ob beim Grillen, beim Treffen mit Freunden oder einfach als [&hellip;]<\/p>\n","protected":false},"featured_media":301,"template":"","meta":[],"product_cat":[44],"product_tag":[],"class_list":{"0":"post-300","1":"product","2":"type-product","3":"status-publish","4":"has-post-thumbnail","6":"product_cat-essen-und-trinken","8":"first","9":"instock","10":"taxable","11":"shipping-taxable","12":"purchasable","13":"product-type-simple"},"_links":{"self":[{"href":"https:\/\/actionmall.act.at\/shop\/2899\/wp-json\/wp\/v2\/product\/300"}],"collection":[{"href":"https:\/\/actionmall.act.at\/shop\/2899\/wp-json\/wp\/v2\/product"}],"about":[{"href":"https:\/\/actionmall.act.at\/shop\/2899\/wp-json\/wp\/v2\/types\/product"}],"wp:featuredmedia":[{"embeddable":true,"href":"https:\/\/actionmall.act.at\/shop\/2899\/wp-json\/wp\/v2\/media\/301"}],"wp:attachment":[{"href":"https:\/\/actionmall.act.at\/shop\/2899\/wp-json\/wp\/v2\/media?parent=300"}],"wp:term":[{"taxonomy":"product_cat","embeddable":true,"href":"https:\/\/actionmall.act.at\/shop\/2899\/wp-json\/wp\/v2\/product_cat?post=300"},{"taxonomy":"product_tag","embeddable":true,"href":"https:\/\/actionmall.act.at\/shop\/2899\/wp-json\/wp\/v2\/product_tag?post=300"}],"curies":[{"name":"wp","href":"https:\/\/api.w.org\/{rel}","templated":true}]}}