{"id":302,"date":"2026-03-11T15:57:45","date_gmt":"2026-03-11T14:57:45","guid":{"rendered":"https:\/\/actionmall.act.at\/shop\/2899\/?post_type=product&#038;p=302"},"modified":"2026-03-11T15:57:45","modified_gmt":"2026-03-11T14:57:45","slug":"ipfbacher-mineralwasser-prickelnd","status":"publish","type":"product","link":"https:\/\/actionmall.act.at\/shop\/2899\/produkt\/ipfbacher-mineralwasser-prickelnd\/","title":{"rendered":"Ipfbacher Mineralwasser Prickelnd"},"content":{"rendered":"<p data-start=\"825\" data-end=\"1072\">Das <strong data-start=\"829\" data-end=\"866\">Ipfbacher Mineralwasser Prickelnd<\/strong> sorgt mit seiner lebendigen Kohlens\u00e4ure f\u00fcr eine besonders spritzige Erfrischung. Fein perlende Bl\u00e4schen verleihen dem Wasser ein belebendes Mundgef\u00fchl und machen jeden Schluck zu einem prickelnden Genuss.<\/p>\n<p data-start=\"1074\" data-end=\"1230\">Mit seinem frischen und klaren Geschmack ist es der perfekte Durstl\u00f6scher \u2013 ob im Alltag, beim Essen oder als erfrischender Begleiter f\u00fcr besondere Momente.<\/p>\n<p data-start=\"1448\" data-end=\"1523\"><strong data-start=\"1448\" data-end=\"1523\">Ipfbacher Mineralwasser Prickelnd \u2013 frisch, lebendig und prickelnd gut.<\/strong><\/p>\n","protected":false},"excerpt":{"rendered":"<p>Das Ipfbacher Mineralwasser Prickelnd sorgt mit seiner lebendigen Kohlens\u00e4ure f\u00fcr eine besonders spritzige Erfrischung. Fein perlende Bl\u00e4schen verleihen dem Wasser ein belebendes Mundgef\u00fchl und machen jeden Schluck zu einem prickelnden Genuss. Mit seinem frischen und klaren Geschmack ist es der perfekte Durstl\u00f6scher \u2013 ob im Alltag, beim Essen oder als erfrischender Begleiter f\u00fcr besondere Momente. [&hellip;]<\/p>\n","protected":false},"featured_media":303,"template":"","meta":[],"product_cat":[44],"product_tag":[],"class_list":{"0":"post-302","1":"product","2":"type-product","3":"status-publish","4":"has-post-thumbnail","6":"product_cat-essen-und-trinken","8":"first","9":"instock","10":"taxable","11":"shipping-taxable","12":"purchasable","13":"product-type-simple"},"_links":{"self":[{"href":"https:\/\/actionmall.act.at\/shop\/2899\/wp-json\/wp\/v2\/product\/302"}],"collection":[{"href":"https:\/\/actionmall.act.at\/shop\/2899\/wp-json\/wp\/v2\/product"}],"about":[{"href":"https:\/\/actionmall.act.at\/shop\/2899\/wp-json\/wp\/v2\/types\/product"}],"wp:featuredmedia":[{"embeddable":true,"href":"https:\/\/actionmall.act.at\/shop\/2899\/wp-json\/wp\/v2\/media\/303"}],"wp:attachment":[{"href":"https:\/\/actionmall.act.at\/shop\/2899\/wp-json\/wp\/v2\/media?parent=302"}],"wp:term":[{"taxonomy":"product_cat","embeddable":true,"href":"https:\/\/actionmall.act.at\/shop\/2899\/wp-json\/wp\/v2\/product_cat?post=302"},{"taxonomy":"product_tag","embeddable":true,"href":"https:\/\/actionmall.act.at\/shop\/2899\/wp-json\/wp\/v2\/product_tag?post=302"}],"curies":[{"name":"wp","href":"https:\/\/api.w.org\/{rel}","templated":true}]}}