{"id":304,"date":"2026-03-11T15:58:57","date_gmt":"2026-03-11T14:58:57","guid":{"rendered":"https:\/\/actionmall.act.at\/shop\/2899\/?post_type=product&#038;p=304"},"modified":"2026-03-11T15:58:57","modified_gmt":"2026-03-11T14:58:57","slug":"ipfbacher-mineralwasser-still","status":"publish","type":"product","link":"https:\/\/actionmall.act.at\/shop\/2899\/produkt\/ipfbacher-mineralwasser-still\/","title":{"rendered":"Ipfbacher Mineralwasser Still"},"content":{"rendered":"<p data-start=\"60\" data-end=\"306\">Das <strong data-start=\"64\" data-end=\"97\">Ipfbacher Mineralwasser Still<\/strong> steht f\u00fcr pure, nat\u00fcrliche Erfrischung ohne Kohlens\u00e4ure. Mit seinem besonders weichen und klaren Geschmack ist es der ideale Begleiter f\u00fcr jeden Moment \u2013 ob beim Sport, im Alltag oder zu einer guten Mahlzeit.<\/p>\n<p data-start=\"308\" data-end=\"488\">Durch seine ausgewogene Mineralisierung und den angenehm milden Charakter l\u00e4sst sich das stille Wasser besonders leicht trinken und sorgt jederzeit f\u00fcr eine nat\u00fcrliche Erfrischung.<\/p>\n<p data-start=\"308\" data-end=\"488\">Ipfbacher Mineralwasser Still \u2013 nat\u00fcrlich, rein und erfrischend.<\/p>\n","protected":false},"excerpt":{"rendered":"<p>Das Ipfbacher Mineralwasser Still steht f\u00fcr pure, nat\u00fcrliche Erfrischung ohne Kohlens\u00e4ure. Mit seinem besonders weichen und klaren Geschmack ist es der ideale Begleiter f\u00fcr jeden Moment \u2013 ob beim Sport, im Alltag oder zu einer guten Mahlzeit. Durch seine ausgewogene Mineralisierung und den angenehm milden Charakter l\u00e4sst sich das stille Wasser besonders leicht trinken und [&hellip;]<\/p>\n","protected":false},"featured_media":305,"template":"","meta":[],"product_cat":[44],"product_tag":[],"class_list":{"0":"post-304","1":"product","2":"type-product","3":"status-publish","4":"has-post-thumbnail","6":"product_cat-essen-und-trinken","8":"first","9":"instock","10":"taxable","11":"shipping-taxable","12":"purchasable","13":"product-type-simple"},"_links":{"self":[{"href":"https:\/\/actionmall.act.at\/shop\/2899\/wp-json\/wp\/v2\/product\/304"}],"collection":[{"href":"https:\/\/actionmall.act.at\/shop\/2899\/wp-json\/wp\/v2\/product"}],"about":[{"href":"https:\/\/actionmall.act.at\/shop\/2899\/wp-json\/wp\/v2\/types\/product"}],"wp:featuredmedia":[{"embeddable":true,"href":"https:\/\/actionmall.act.at\/shop\/2899\/wp-json\/wp\/v2\/media\/305"}],"wp:attachment":[{"href":"https:\/\/actionmall.act.at\/shop\/2899\/wp-json\/wp\/v2\/media?parent=304"}],"wp:term":[{"taxonomy":"product_cat","embeddable":true,"href":"https:\/\/actionmall.act.at\/shop\/2899\/wp-json\/wp\/v2\/product_cat?post=304"},{"taxonomy":"product_tag","embeddable":true,"href":"https:\/\/actionmall.act.at\/shop\/2899\/wp-json\/wp\/v2\/product_tag?post=304"}],"curies":[{"name":"wp","href":"https:\/\/api.w.org\/{rel}","templated":true}]}}