{"id":296,"date":"2025-10-23T12:29:06","date_gmt":"2025-10-23T10:29:06","guid":{"rendered":"https:\/\/actionmall.act.at\/shop\/295\/?post_type=product&#038;p=296"},"modified":"2025-10-23T12:29:06","modified_gmt":"2025-10-23T10:29:06","slug":"seminarpaket-kommunikation","status":"publish","type":"product","link":"https:\/\/actionmall.act.at\/shop\/295\/produkt\/seminarpaket-kommunikation\/","title":{"rendered":"Seminarpaket Kommunikation"},"content":{"rendered":"<p>Das Seminarpaket Kommunikation vermittelt essentielle F\u00e4higkeiten f\u00fcr eine effektive und empathische Kommunikation im Berufsalltag. Teilnehmer lernen, ihre Botschaften klar und \u00fcberzeugend zu formulieren und Missverst\u00e4ndnisse zu vermeiden. Interaktive \u00dcbungen und Rollenspiele f\u00f6rdern den Austausch und die Anwendung der erlernten Techniken. Zudem werden Themen wie aktives Zuh\u00f6ren, K\u00f6rpersprache und Konfliktl\u00f6sung behandelt. Mit individuellem Feedback und praxisorientierten Ans\u00e4tzen werden die Kommunikationsf\u00e4higkeiten nachhaltig verbessert.<\/p>\n","protected":false},"excerpt":{"rendered":"<p>Das Seminarpaket Kommunikation vermittelt essentielle F\u00e4higkeiten f\u00fcr eine effektive und empathische Kommunikation im Berufsalltag. Teilnehmer lernen, ihre Botschaften klar und \u00fcberzeugend zu formulieren und Missverst\u00e4ndnisse zu vermeiden. Interaktive \u00dcbungen und Rollenspiele f\u00f6rdern den Austausch und die Anwendung der erlernten Techniken. Zudem werden Themen wie aktives Zuh\u00f6ren, K\u00f6rpersprache und Konfliktl\u00f6sung behandelt. Mit individuellem Feedback und praxisorientierten [&hellip;]<\/p>\n","protected":false},"featured_media":297,"template":"","meta":[],"product_cat":[],"product_tag":[],"class_list":{"0":"post-296","1":"product","2":"type-product","3":"status-publish","4":"has-post-thumbnail","7":"first","8":"instock","9":"taxable","10":"shipping-taxable","11":"purchasable","12":"product-type-simple"},"_links":{"self":[{"href":"https:\/\/actionmall.act.at\/shop\/295\/wp-json\/wp\/v2\/product\/296"}],"collection":[{"href":"https:\/\/actionmall.act.at\/shop\/295\/wp-json\/wp\/v2\/product"}],"about":[{"href":"https:\/\/actionmall.act.at\/shop\/295\/wp-json\/wp\/v2\/types\/product"}],"wp:featuredmedia":[{"embeddable":true,"href":"https:\/\/actionmall.act.at\/shop\/295\/wp-json\/wp\/v2\/media\/297"}],"wp:attachment":[{"href":"https:\/\/actionmall.act.at\/shop\/295\/wp-json\/wp\/v2\/media?parent=296"}],"wp:term":[{"taxonomy":"product_cat","embeddable":true,"href":"https:\/\/actionmall.act.at\/shop\/295\/wp-json\/wp\/v2\/product_cat?post=296"},{"taxonomy":"product_tag","embeddable":true,"href":"https:\/\/actionmall.act.at\/shop\/295\/wp-json\/wp\/v2\/product_tag?post=296"}],"curies":[{"name":"wp","href":"https:\/\/api.w.org\/{rel}","templated":true}]}}