{"id":345,"date":"2026-01-19T17:47:58","date_gmt":"2026-01-19T16:47:58","guid":{"rendered":"https:\/\/actionmall.act.at\/shop\/2964\/?post_type=product&#038;p=345"},"modified":"2026-01-26T10:04:50","modified_gmt":"2026-01-26T09:04:50","slug":"visionary-victories-tanktop","status":"publish","type":"product","link":"https:\/\/actionmall.act.at\/shop\/2964\/produkt\/visionary-victories-tanktop\/","title":{"rendered":"Visionary Victories TANKTOP"},"content":{"rendered":"<p><span class=\"TextRun SCXW165818748 BCX8\" lang=\"DE-AT\" xml:lang=\"DE-AT\" data-contrast=\"none\"><span class=\"NormalTextRun SCXW165818748 BCX8\">Unser<\/span><span class=\"NormalTextRun SCXW165818748 BCX8\">\u00a0hochwertige<\/span><span class=\"NormalTextRun SCXW165818748 BCX8\">s<\/span><span class=\"NormalTextRun SCXW165818748 BCX8\">\u00a0Tanktop bietet ultimativen Tragekomfort und maximale Bewegungsfreiheit \u2013 ideal f\u00fcr Sport, Freizeit oder warme Tage. Der leichte, atmungsaktive Stoff sorgt f\u00fcr ein angenehmes Tragegef\u00fchl.<\/span><\/span><span class=\"EOP SCXW165818748 BCX8\" data-ccp-props=\"{\">\u00a0<\/span><\/p>\n<p><strong>Weitere Farben:<\/strong><img loading=\"lazy\" decoding=\"async\" class=\"alignnone size-full wp-image-362\" src=\"https:\/\/actionmall.act.at\/shop\/2964\/wp-content\/uploads\/2026\/01\/Screenshot-2026-01-19-182538-Farben.png\" alt=\"\" width=\"98\" height=\"22\" \/><\/p>\n","protected":false},"excerpt":{"rendered":"<p>Unser\u00a0hochwertiges\u00a0Tanktop bietet ultimativen Tragekomfort und maximale Bewegungsfreiheit \u2013 ideal f\u00fcr Sport, Freizeit oder warme Tage. Der leichte, atmungsaktive Stoff sorgt f\u00fcr ein angenehmes Tragegef\u00fchl.\u00a0 Weitere Farben:<\/p>\n","protected":false},"featured_media":269,"template":"","meta":[],"product_cat":[],"product_tag":[],"class_list":{"0":"post-345","1":"product","2":"type-product","3":"status-publish","4":"has-post-thumbnail","7":"first","8":"instock","9":"taxable","10":"shipping-taxable","11":"purchasable","12":"product-type-simple"},"_links":{"self":[{"href":"https:\/\/actionmall.act.at\/shop\/2964\/wp-json\/wp\/v2\/product\/345"}],"collection":[{"href":"https:\/\/actionmall.act.at\/shop\/2964\/wp-json\/wp\/v2\/product"}],"about":[{"href":"https:\/\/actionmall.act.at\/shop\/2964\/wp-json\/wp\/v2\/types\/product"}],"wp:featuredmedia":[{"embeddable":true,"href":"https:\/\/actionmall.act.at\/shop\/2964\/wp-json\/wp\/v2\/media\/269"}],"wp:attachment":[{"href":"https:\/\/actionmall.act.at\/shop\/2964\/wp-json\/wp\/v2\/media?parent=345"}],"wp:term":[{"taxonomy":"product_cat","embeddable":true,"href":"https:\/\/actionmall.act.at\/shop\/2964\/wp-json\/wp\/v2\/product_cat?post=345"},{"taxonomy":"product_tag","embeddable":true,"href":"https:\/\/actionmall.act.at\/shop\/2964\/wp-json\/wp\/v2\/product_tag?post=345"}],"curies":[{"name":"wp","href":"https:\/\/api.w.org\/{rel}","templated":true}]}}