{"id":360,"date":"2026-01-19T18:23:16","date_gmt":"2026-01-19T17:23:16","guid":{"rendered":"https:\/\/actionmall.act.at\/shop\/2964\/?post_type=product&#038;p=360"},"modified":"2026-01-19T18:27:51","modified_gmt":"2026-01-19T17:27:51","slug":"visionary-victories-cap","status":"publish","type":"product","link":"https:\/\/actionmall.act.at\/shop\/2964\/produkt\/visionary-victories-cap\/","title":{"rendered":"Visionary Victories CAP"},"content":{"rendered":"<p><span class=\"TextRun SCXW38589630 BCX8\" lang=\"DE-AT\" xml:lang=\"DE-AT\" data-contrast=\"none\"><span class=\"NormalTextRun SCXW38589630 BCX8\">Unsere<\/span><\/span><span class=\"TextRun SCXW38589630 BCX8\" lang=\"DE-AT\" xml:lang=\"DE-AT\" data-contrast=\"none\"><span class=\"NormalTextRun SCXW38589630 BCX8\" data-ccp-charstyle=\"Strong\">\u00a0<strong>verstellbare Cap<\/strong>\u00a0<\/span><\/span><span class=\"TextRun SCXW38589630 BCX8\" lang=\"DE-AT\" xml:lang=\"DE-AT\" data-contrast=\"none\"><span class=\"NormalTextRun SCXW38589630 BCX8\">bietet einen sportlichen Look und perfekten Sitz. In vier Farben erh\u00e4ltlich, l\u00e4sst sie sich dank des verstellbaren Riemens individuell anpassen und sorgt f\u00fcr hohen Tragekomfort.<\/span><\/span><span class=\"EOP SCXW38589630 BCX8\" data-ccp-props=\"{\">\u00a0<\/span><\/p>\n<p><strong>Weitere Farben:<img loading=\"lazy\" decoding=\"async\" class=\"alignnone size-full wp-image-362\" src=\"https:\/\/actionmall.act.at\/shop\/2964\/wp-content\/uploads\/2026\/01\/Screenshot-2026-01-19-182538-Farben.png\" alt=\"\" width=\"98\" height=\"22\" \/><\/strong><\/p>\n","protected":false},"excerpt":{"rendered":"<p>Unsere\u00a0verstellbare Cap\u00a0bietet einen sportlichen Look und perfekten Sitz. In vier Farben erh\u00e4ltlich, l\u00e4sst sie sich dank des verstellbaren Riemens individuell anpassen und sorgt f\u00fcr hohen Tragekomfort.\u00a0 Weitere Farben:<\/p>\n","protected":false},"featured_media":301,"template":"","meta":[],"product_cat":[],"product_tag":[],"class_list":{"0":"post-360","1":"product","2":"type-product","3":"status-publish","4":"has-post-thumbnail","7":"first","8":"instock","9":"taxable","10":"shipping-taxable","11":"purchasable","12":"product-type-simple"},"_links":{"self":[{"href":"https:\/\/actionmall.act.at\/shop\/2964\/wp-json\/wp\/v2\/product\/360"}],"collection":[{"href":"https:\/\/actionmall.act.at\/shop\/2964\/wp-json\/wp\/v2\/product"}],"about":[{"href":"https:\/\/actionmall.act.at\/shop\/2964\/wp-json\/wp\/v2\/types\/product"}],"wp:featuredmedia":[{"embeddable":true,"href":"https:\/\/actionmall.act.at\/shop\/2964\/wp-json\/wp\/v2\/media\/301"}],"wp:attachment":[{"href":"https:\/\/actionmall.act.at\/shop\/2964\/wp-json\/wp\/v2\/media?parent=360"}],"wp:term":[{"taxonomy":"product_cat","embeddable":true,"href":"https:\/\/actionmall.act.at\/shop\/2964\/wp-json\/wp\/v2\/product_cat?post=360"},{"taxonomy":"product_tag","embeddable":true,"href":"https:\/\/actionmall.act.at\/shop\/2964\/wp-json\/wp\/v2\/product_tag?post=360"}],"curies":[{"name":"wp","href":"https:\/\/api.w.org\/{rel}","templated":true}]}}