{"id":428,"date":"2025-03-29T13:21:56","date_gmt":"2025-03-29T12:21:56","guid":{"rendered":"https:\/\/actionmall.act.at\/shop\/2969\/?post_type=product&#038;p=428"},"modified":"2025-06-14T11:42:53","modified_gmt":"2025-06-14T09:42:53","slug":"akg-k-240-studio-kopfhoerer","status":"publish","type":"product","link":"https:\/\/actionmall.act.at\/shop\/2969\/produkt\/akg-k-240-studio-kopfhoerer\/","title":{"rendered":"AKG K-240 Studio Kopfh\u00f6rer"},"content":{"rendered":"<h2 class=\"fx-headline fx-headline--3 fx-space-bottom--m\">Studio Kopfh\u00f6rer<\/h2>\n<ul class=\"fx-list product-text__list\">\n<li class=\"fx-list__item list-item fx-list__item--circle\"><span class=\"fx-text fx-text--plus list-item__text\">ohrumschlie\u00dfend<\/span><\/li>\n<li class=\"fx-list__item list-item fx-list__item--circle\"><span class=\"fx-text fx-text--plus list-item__text\">halboffen<\/span><\/li>\n<li class=\"fx-list__item list-item fx-list__item--circle\"><span class=\"fx-text fx-text--plus list-item__text\">dynamisch<\/span><\/li>\n<li class=\"fx-list__item list-item fx-list__item--circle\"><span class=\"fx-text fx-text--plus list-item__text\">neue XXL-Kapsel<\/span><\/li>\n<li class=\"fx-list__item list-item fx-list__item--circle\"><span class=\"fx-text fx-text--plus list-item__text\">Impedanz: 55 Ohm<\/span><\/li>\n<li class=\"fx-list__item list-item fx-list__item--circle\"><span class=\"fx-text fx-text--plus list-item__text\">\u00dcbertragungsbereich: 15 &#8211; 25.000 Hz<\/span><\/li>\n<li class=\"fx-list__item list-item fx-list__item--circle\"><span class=\"fx-text fx-text--plus list-item__text\">Empfindlichkeit: 104 dB\/V<\/span><\/li>\n<li class=\"fx-list__item list-item fx-list__item--circle\"><span class=\"fx-text fx-text--plus list-item__text\">Klirrfaktor < 0,3 %<\/span><\/li>\n<li class=\"fx-list__item list-item fx-list__item--circle\"><span class=\"fx-text fx-text--plus list-item__text\">Nennbelastbarkeit: 200 mW<\/span><\/li>\n<li class=\"fx-list__item list-item fx-list__item--circle\"><span class=\"fx-text fx-text--plus list-item__text\">B\u00fcgelband-Automatik f\u00fcr perfekten Sitz<\/span><\/li>\n<li class=\"fx-list__item list-item fx-list__item--circle\"><span class=\"fx-text fx-text--plus list-item__text\">einseitige Kabelf\u00fchrung f\u00fcr bequemes Handling<\/span><\/li>\n<li class=\"fx-list__item list-item fx-list__item--circle\"><span class=\"fx-text fx-text--plus list-item__text\">abnehmbares Kabel mit Mini-XLR-Stecker<\/span><\/li>\n<li class=\"fx-list__item list-item fx-list__item--circle\"><span class=\"fx-text fx-text--plus list-item__text\">Kabell\u00e4nge: 3m<\/span><\/li>\n<li class=\"fx-list__item list-item fx-list__item--circle\"><span class=\"fx-text fx-text--plus list-item__text\">vergoldeter 3,5 mm Stereo-Klinkenstecker<\/span><\/li>\n<li class=\"fx-list__item list-item fx-list__item--circle\"><span class=\"fx-text fx-text--plus list-item__text\">Gewicht mit Kabel: 284 g<\/span><\/li>\n<li class=\"fx-list__item list-item fx-list__item--circle\"><span class=\"fx-text fx-text--plus list-item__text\">Gewicht ohne Kabel: 229 g<\/span><\/li>\n<li class=\"fx-list__item list-item fx-list__item--circle\"><span class=\"fx-text fx-text--plus list-item__text\">inkl. 6,3 mm Klinkenadapter<\/span><\/li>\n<\/ul>\n<div class=\"keyfeature keyfeature--grey-background\"><\/div>\n","protected":false},"excerpt":{"rendered":"<p>Studio Kopfh\u00f6rer ohrumschlie\u00dfend halboffen dynamisch neue XXL-Kapsel Impedanz: 55 Ohm \u00dcbertragungsbereich: 15 &#8211; 25.000 Hz Empfindlichkeit: 104 dB\/V Klirrfaktor < 0,3 % Nennbelastbarkeit: 200 mW B\u00fcgelband-Automatik f\u00fcr perfekten Sitz einseitige Kabelf\u00fchrung f\u00fcr bequemes Handling abnehmbares Kabel mit Mini-XLR-Stecker Kabell\u00e4nge: 3m vergoldeter 3,5 mm Stereo-Klinkenstecker Gewicht mit Kabel: 284 g Gewicht ohne Kabel: 229 g inkl. [&hellip;]\n<\/p>\n","protected":false},"featured_media":469,"template":"","meta":[],"product_cat":[],"product_tag":[],"class_list":{"0":"post-428","1":"product","2":"type-product","3":"status-publish","4":"has-post-thumbnail","7":"first","8":"instock","9":"taxable","10":"shipping-taxable","11":"purchasable","12":"product-type-simple"},"_links":{"self":[{"href":"https:\/\/actionmall.act.at\/shop\/2969\/wp-json\/wp\/v2\/product\/428"}],"collection":[{"href":"https:\/\/actionmall.act.at\/shop\/2969\/wp-json\/wp\/v2\/product"}],"about":[{"href":"https:\/\/actionmall.act.at\/shop\/2969\/wp-json\/wp\/v2\/types\/product"}],"wp:featuredmedia":[{"embeddable":true,"href":"https:\/\/actionmall.act.at\/shop\/2969\/wp-json\/wp\/v2\/media\/469"}],"wp:attachment":[{"href":"https:\/\/actionmall.act.at\/shop\/2969\/wp-json\/wp\/v2\/media?parent=428"}],"wp:term":[{"taxonomy":"product_cat","embeddable":true,"href":"https:\/\/actionmall.act.at\/shop\/2969\/wp-json\/wp\/v2\/product_cat?post=428"},{"taxonomy":"product_tag","embeddable":true,"href":"https:\/\/actionmall.act.at\/shop\/2969\/wp-json\/wp\/v2\/product_tag?post=428"}],"curies":[{"name":"wp","href":"https:\/\/api.w.org\/{rel}","templated":true}]}}