{"id":446,"date":"2025-03-29T13:25:34","date_gmt":"2025-03-29T12:25:34","guid":{"rendered":"https:\/\/actionmall.act.at\/shop\/2969\/?post_type=product&#038;p=446"},"modified":"2025-06-14T11:41:12","modified_gmt":"2025-06-14T09:41:12","slug":"logitech-computer-maus","status":"publish","type":"product","link":"https:\/\/actionmall.act.at\/shop\/2969\/produkt\/logitech-computer-maus\/","title":{"rendered":"Logitech Computer Maus"},"content":{"rendered":"<p class=\"\" data-start=\"68\" data-end=\"127\"><strong data-start=\"68\" data-end=\"127\">Logitech Maus \u2013 Pr\u00e4zision und Komfort f\u00fcr jeden Einsatz<\/strong><\/p>\n<div class=\"product-addto-links\" data-role=\"add-to-links\"><\/div>\n<div class=\"page-title-wrapper product\">\n<h1 class=\"page-title h4-style\"><span class=\"base\" data-ui-id=\"page-title-wrapper\">Logitech Maus Mx Anywhere 3S Graphite<\/span><\/h1>\n<\/div>\n<p class=\"\" data-start=\"368\" data-end=\"381\"><strong data-start=\"368\" data-end=\"381\">Merkmale:<\/strong><\/p>\n<ul data-start=\"383\" data-end=\"1580\">\n<li class=\"\" data-start=\"383\" data-end=\"637\">\n<p class=\"\" data-start=\"385\" data-end=\"637\"><strong data-start=\"385\" data-end=\"410\">Ergonomisches Design<\/strong><\/p>\n<\/li>\n<li class=\"\" data-start=\"641\" data-end=\"901\">\n<p class=\"\" data-start=\"643\" data-end=\"901\"><strong data-start=\"643\" data-end=\"662\">Hohe Pr\u00e4zision<\/strong><\/p>\n<\/li>\n<li class=\"\" data-start=\"903\" data-end=\"1135\">\n<p class=\"\" data-start=\"905\" data-end=\"1135\"><strong data-start=\"905\" data-end=\"928\">Kabellose Freiheit:<\/strong><\/p>\n<\/li>\n<li class=\"\" data-start=\"1137\" data-end=\"1362\">\n<p class=\"\" data-start=\"1139\" data-end=\"1362\"><strong data-start=\"1139\" data-end=\"1162\">Lange Akkulaufzeit<\/strong><\/p>\n<\/li>\n<li class=\"\" data-start=\"1364\" data-end=\"1580\">\n<p class=\"\" data-start=\"1366\" data-end=\"1580\"><strong data-start=\"1366\" data-end=\"1385\">Vielseitigkeit<\/strong><\/p>\n<\/li>\n<\/ul>\n<p class=\"\" data-start=\"1982\" data-end=\"2043\">\n","protected":false},"excerpt":{"rendered":"<p>Logitech Maus \u2013 Pr\u00e4zision und Komfort f\u00fcr jeden Einsatz Logitech Maus Mx Anywhere 3S Graphite Merkmale: Ergonomisches Design Hohe Pr\u00e4zision Kabellose Freiheit: Lange Akkulaufzeit Vielseitigkeit<\/p>\n","protected":false},"featured_media":472,"template":"","meta":[],"product_cat":[],"product_tag":[],"class_list":{"0":"post-446","1":"product","2":"type-product","3":"status-publish","4":"has-post-thumbnail","7":"first","8":"instock","9":"sale","10":"taxable","11":"shipping-taxable","12":"purchasable","13":"product-type-simple"},"_links":{"self":[{"href":"https:\/\/actionmall.act.at\/shop\/2969\/wp-json\/wp\/v2\/product\/446"}],"collection":[{"href":"https:\/\/actionmall.act.at\/shop\/2969\/wp-json\/wp\/v2\/product"}],"about":[{"href":"https:\/\/actionmall.act.at\/shop\/2969\/wp-json\/wp\/v2\/types\/product"}],"wp:featuredmedia":[{"embeddable":true,"href":"https:\/\/actionmall.act.at\/shop\/2969\/wp-json\/wp\/v2\/media\/472"}],"wp:attachment":[{"href":"https:\/\/actionmall.act.at\/shop\/2969\/wp-json\/wp\/v2\/media?parent=446"}],"wp:term":[{"taxonomy":"product_cat","embeddable":true,"href":"https:\/\/actionmall.act.at\/shop\/2969\/wp-json\/wp\/v2\/product_cat?post=446"},{"taxonomy":"product_tag","embeddable":true,"href":"https:\/\/actionmall.act.at\/shop\/2969\/wp-json\/wp\/v2\/product_tag?post=446"}],"curies":[{"name":"wp","href":"https:\/\/api.w.org\/{rel}","templated":true}]}}