{"id":259,"date":"2025-11-13T08:38:12","date_gmt":"2025-11-13T07:38:12","guid":{"rendered":"https:\/\/actionmall.act.at\/shop\/2981\/?post_type=product&#038;p=259"},"modified":"2025-12-01T08:11:39","modified_gmt":"2025-12-01T07:11:39","slug":"edelstahlflasche-mit-bedruck-05l","status":"publish","type":"product","link":"https:\/\/actionmall.act.at\/shop\/2981\/produkt\/edelstahlflasche-mit-bedruck-05l\/","title":{"rendered":"Edelstahlflasche mit Bedruck 0,5l"},"content":{"rendered":"<p>Stylische Edelstahl-Trinkflasche mit modernem Logo:<br data-start=\"55\" data-end=\"58\" \/>Hochwertig, langlebig und perfekt f\u00fcr unterwegs. H\u00e4lt Getr\u00e4nke lange hei\u00df oder kalt \u2013 mit Logo eigener Wahl!<\/p>\n<p><strong>0,5 l <\/strong>Edelstahlflasche<\/p>\n<p><strong>mit Frontdruck<\/strong><\/p>\n<p><strong>\u00a0<\/strong><\/p>\n","protected":false},"excerpt":{"rendered":"<p>Stylische Edelstahl-Trinkflasche mit modernem Logo:Hochwertig, langlebig und perfekt f\u00fcr unterwegs. H\u00e4lt Getr\u00e4nke lange hei\u00df oder kalt \u2013 mit Logo eigener Wahl! 0,5 l Edelstahlflasche mit Frontdruck \u00a0<\/p>\n","protected":false},"featured_media":271,"template":"","meta":[],"product_cat":[],"product_tag":[],"class_list":{"0":"post-259","1":"product","2":"type-product","3":"status-publish","4":"has-post-thumbnail","7":"first","8":"instock","9":"taxable","10":"shipping-taxable","11":"purchasable","12":"product-type-simple"},"_links":{"self":[{"href":"https:\/\/actionmall.act.at\/shop\/2981\/wp-json\/wp\/v2\/product\/259"}],"collection":[{"href":"https:\/\/actionmall.act.at\/shop\/2981\/wp-json\/wp\/v2\/product"}],"about":[{"href":"https:\/\/actionmall.act.at\/shop\/2981\/wp-json\/wp\/v2\/types\/product"}],"wp:featuredmedia":[{"embeddable":true,"href":"https:\/\/actionmall.act.at\/shop\/2981\/wp-json\/wp\/v2\/media\/271"}],"wp:attachment":[{"href":"https:\/\/actionmall.act.at\/shop\/2981\/wp-json\/wp\/v2\/media?parent=259"}],"wp:term":[{"taxonomy":"product_cat","embeddable":true,"href":"https:\/\/actionmall.act.at\/shop\/2981\/wp-json\/wp\/v2\/product_cat?post=259"},{"taxonomy":"product_tag","embeddable":true,"href":"https:\/\/actionmall.act.at\/shop\/2981\/wp-json\/wp\/v2\/product_tag?post=259"}],"curies":[{"name":"wp","href":"https:\/\/api.w.org\/{rel}","templated":true}]}}