{"id":272,"date":"2026-03-03T15:55:58","date_gmt":"2026-03-03T14:55:58","guid":{"rendered":"https:\/\/actionmall.act.at\/shop\/2992\/?post_type=product&#038;p=272"},"modified":"2026-03-24T14:53:14","modified_gmt":"2026-03-24T13:53:14","slug":"langzeitbegleitung-aufbauprogramm-social-media","status":"publish","type":"product","link":"https:\/\/actionmall.act.at\/shop\/2992\/produkt\/langzeitbegleitung-aufbauprogramm-social-media\/","title":{"rendered":"Langzeitbegleitung &#038; Aufbauprogramm &#8211; Social Media"},"content":{"rendered":"<p><strong><em>Was wir Ihnen bieten:<\/em><\/strong><\/p>\n<p>Langzeitconsulting (6 Monate)<\/p>\n<p>Social Media Aufbauprogramm<\/p>\n<p>Mehr Details: siehe unten<!--more--><span class=\"TextRun SCXW232249206 BCX8\" lang=\"DE-DE\" xml:lang=\"DE-DE\" data-contrast=\"auto\"><span class=\"NormalTextRun SCXW232249206 BCX8\">Unser 6-monatiges\u00a0<\/span><span class=\"NormalTextRun SpellingErrorV2Themed SCXW232249206 BCX8\">Social<\/span><span class=\"NormalTextRun SCXW232249206 BCX8\">\u00a0Media Aufbauprogramm begleitet Unternehmen Schritt f\u00fcr Schritt beim professionellen Aufbau ihrer\u00a0<\/span><span class=\"NormalTextRun SpellingErrorV2Themed SCXW232249206 BCX8\">Social<\/span><span class=\"NormalTextRun SCXW232249206 BCX8\">-Media-Pr\u00e4senz. In monatlichen Workshops erarbeiten wir Strategie, Zielgruppenanalyse, Plattformauswahl,\u00a0<\/span><span class=\"NormalTextRun SpellingErrorV2Themed SCXW232249206 BCX8\">Contentplanung<\/span><span class=\"NormalTextRun SCXW232249206 BCX8\">, Communityaufbau und eine Einf\u00fchrung in Ads. Abschlie\u00dfend werten wir alles aus und \u00fcbergeben klare interne Prozesse f\u00fcr die eigenst\u00e4ndige Weiterf\u00fchrung.<\/span><\/span><span class=\"EOP SCXW232249206 BCX8\" data-ccp-props=\"{}\">\u00a0<\/span><\/p>\n","protected":false},"excerpt":{"rendered":"<p>Was wir Ihnen bieten: Langzeitconsulting (6 Monate) Social Media Aufbauprogramm Mehr Details: siehe unten<\/p>\n","protected":false},"featured_media":271,"template":"","meta":[],"product_cat":[58,59,61],"product_tag":[],"class_list":{"0":"post-272","1":"product","2":"type-product","3":"status-publish","4":"has-post-thumbnail","6":"product_cat-it-und-elektronik","7":"product_cat-werbung-marketing-und-medien","8":"product_cat-dienstleistungen-und-oeffentliche-versorgung","10":"first","11":"instock","12":"taxable","13":"shipping-taxable","14":"purchasable","15":"product-type-simple"},"_links":{"self":[{"href":"https:\/\/actionmall.act.at\/shop\/2992\/wp-json\/wp\/v2\/product\/272"}],"collection":[{"href":"https:\/\/actionmall.act.at\/shop\/2992\/wp-json\/wp\/v2\/product"}],"about":[{"href":"https:\/\/actionmall.act.at\/shop\/2992\/wp-json\/wp\/v2\/types\/product"}],"wp:featuredmedia":[{"embeddable":true,"href":"https:\/\/actionmall.act.at\/shop\/2992\/wp-json\/wp\/v2\/media\/271"}],"wp:attachment":[{"href":"https:\/\/actionmall.act.at\/shop\/2992\/wp-json\/wp\/v2\/media?parent=272"}],"wp:term":[{"taxonomy":"product_cat","embeddable":true,"href":"https:\/\/actionmall.act.at\/shop\/2992\/wp-json\/wp\/v2\/product_cat?post=272"},{"taxonomy":"product_tag","embeddable":true,"href":"https:\/\/actionmall.act.at\/shop\/2992\/wp-json\/wp\/v2\/product_tag?post=272"}],"curies":[{"name":"wp","href":"https:\/\/api.w.org\/{rel}","templated":true}]}}