{"id":408,"date":"2026-05-08T10:42:18","date_gmt":"2026-05-08T08:42:18","guid":{"rendered":"https:\/\/actionmall.act.at\/shop\/3010\/?post_type=product&#038;p=408"},"modified":"2026-05-08T10:42:18","modified_gmt":"2026-05-08T08:42:18","slug":"ltimea-7-1-surround-sound-system-fuer-tv-mit-dolby-atmos-app-steuerung-4-kabelgebundene-surround-lautsprecher-460w-soundbar-fuer-smart-tv-mit-wireless-subwoofer-heimkino-sound-system-poseidon-d80","status":"publish","type":"product","link":"https:\/\/actionmall.act.at\/shop\/3010\/produkt\/ltimea-7-1-surround-sound-system-fuer-tv-mit-dolby-atmos-app-steuerung-4-kabelgebundene-surround-lautsprecher-460w-soundbar-fuer-smart-tv-mit-wireless-subwoofer-heimkino-sound-system-poseidon-d80\/","title":{"rendered":"LTIMEA 7.1 Surround Sound System f\u00fcr TV mit Dolby Atmos, App Steuerung, 4 kabelgebundene Surround-Lautsprecher, 460W Soundbar f\u00fcr Smart TV mit Wireless Subwoofer, Heimkino Sound System, Poseidon D80"},"content":{"rendered":"<p><span class=\"a-list-item\">7.1Ch Smart Surround Sound System: Die Ultimea Poseidon D80, eine Premium-Smart-Soundbar, die von der hochgelobten D60 weiterentwickelt wurde, verf\u00fcgt \u00fcber 2 zus\u00e4tzliche Front-Surround-Lautsprecher, die ein breiteres Klangfeld und eine umfassendere Klanglandschaft bieten. Mit 8 Hochleistungstreibern, einschlie\u00dflich eines leistungsstarken kabellosen 6,5-Zoll-Subwoofers, erzeugt die D80 ein beeindruckendes 3D-Surround-Erlebnis. (Hinweis: Der D80 unterst\u00fctzt keine DTS-Dekodierung) <\/span><\/p>\n","protected":false},"excerpt":{"rendered":"<p>7.1Ch Smart Surround Sound System: Die Ultimea Poseidon D80, eine Premium-Smart-Soundbar, die von der hochgelobten D60 weiterentwickelt wurde, verf\u00fcgt \u00fcber 2 zus\u00e4tzliche Front-Surround-Lautsprecher, die ein breiteres Klangfeld und eine umfassendere Klanglandschaft bieten. Mit 8 Hochleistungstreibern, einschlie\u00dflich eines leistungsstarken kabellosen 6,5-Zoll-Subwoofers, erzeugt die D80 ein beeindruckendes 3D-Surround-Erlebnis. (Hinweis: Der D80 unterst\u00fctzt keine DTS-Dekodierung)<\/p>\n","protected":false},"featured_media":409,"template":"","meta":[],"product_cat":[34],"product_tag":[],"class_list":{"0":"post-408","1":"product","2":"type-product","3":"status-publish","4":"has-post-thumbnail","6":"product_cat-autos-und-fahrzeuge","8":"first","9":"instock","10":"sale","11":"taxable","12":"shipping-taxable","13":"purchasable","14":"product-type-simple"},"_links":{"self":[{"href":"https:\/\/actionmall.act.at\/shop\/3010\/wp-json\/wp\/v2\/product\/408"}],"collection":[{"href":"https:\/\/actionmall.act.at\/shop\/3010\/wp-json\/wp\/v2\/product"}],"about":[{"href":"https:\/\/actionmall.act.at\/shop\/3010\/wp-json\/wp\/v2\/types\/product"}],"wp:featuredmedia":[{"embeddable":true,"href":"https:\/\/actionmall.act.at\/shop\/3010\/wp-json\/wp\/v2\/media\/409"}],"wp:attachment":[{"href":"https:\/\/actionmall.act.at\/shop\/3010\/wp-json\/wp\/v2\/media?parent=408"}],"wp:term":[{"taxonomy":"product_cat","embeddable":true,"href":"https:\/\/actionmall.act.at\/shop\/3010\/wp-json\/wp\/v2\/product_cat?post=408"},{"taxonomy":"product_tag","embeddable":true,"href":"https:\/\/actionmall.act.at\/shop\/3010\/wp-json\/wp\/v2\/product_tag?post=408"}],"curies":[{"name":"wp","href":"https:\/\/api.w.org\/{rel}","templated":true}]}}