{"id":310,"date":"2026-04-30T16:05:15","date_gmt":"2026-04-30T14:05:15","guid":{"rendered":"https:\/\/actionmall.act.at\/shop\/3011\/?post_type=product&#038;p=310"},"modified":"2026-04-30T16:05:15","modified_gmt":"2026-04-30T14:05:15","slug":"be-und-entlueftung-bue-50","status":"publish","type":"product","link":"https:\/\/actionmall.act.at\/shop\/3011\/produkt\/be-und-entlueftung-bue-50\/","title":{"rendered":"Be- und Entl\u00fcftung BUE 50"},"content":{"rendered":"<section class=\"text-token-text-primary w-full focus:outline-none [--shadow-height:45px] has-data-writing-block:pointer-events-none has-data-writing-block:-mt-(--shadow-height) has-data-writing-block:pt-(--shadow-height) [&#038;:has([data-writing-block])>*]:pointer-events-auto [content-visibility:auto] supports-[content-visibility:auto]:[contain-intrinsic-size:auto_100lvh] R6Vx5W_threadScrollVars scroll-mb-[calc(var(&#8211;scroll-root-safe-area-inset-bottom,0px)+var(&#8211;thread-response-height))] scroll-mt-[calc(var(&#8211;header-height)+min(200px,max(70px,20svh)))]&#8220; dir=&#8220;auto&#8220; data-turn-id=&#8220;5992d869-cad6-42d2-bcd5-2b6dd0a3e06b&#8220; data-testid=&#8220;conversation-turn-8&#8243; data-scroll-anchor=&#8220;false&#8220; data-turn=&#8220;assistant&#8220;><\/p>\n<div class=\"text-base my-auto mx-auto pb-10 [--thread-content-margin:var(--thread-content-margin-xs,calc(var(--spacing)*4))] @w-sm\/main:[--thread-content-margin:var(--thread-content-margin-sm,calc(var(--spacing)*6))] @w-lg\/main:[--thread-content-margin:var(--thread-content-margin-lg,calc(var(--spacing)*16))] px-(--thread-content-margin)\">\n<div class=\"[--thread-content-max-width:40rem] @w-lg\/main:[--thread-content-max-width:48rem] mx-auto max-w-(--thread-content-max-width) flex-1 group\/turn-messages focus-visible:outline-hidden relative flex w-full min-w-0 flex-col agent-turn\">\n<div class=\"flex max-w-full flex-col gap-4 grow\">\n<div class=\"min-h-8 text-message relative flex w-full flex-col items-end gap-2 text-start break-words whitespace-normal outline-none keyboard-focused:focus-ring [.text-message+&#038;]:mt-1\" dir=\"auto\" data-message-author-role=\"assistant\" data-message-id=\"5992d869-cad6-42d2-bcd5-2b6dd0a3e06b\" data-turn-start-message=\"true\" data-message-model-slug=\"gpt-5-3\">\n<div class=\"flex w-full flex-col gap-1 empty:hidden\">\n<div class=\"markdown prose dark:prose-invert w-full wrap-break-word dark markdown-new-styling\">\n<p data-start=\"0\" data-end=\"368\">Dieses Be- und Entl\u00fcftungsger\u00e4t sorgt f\u00fcr eine zuverl\u00e4ssige und effiziente Luftzirkulation in unterschiedlichsten Einsatzbereichen. Mit einer Leistungsaufnahme von ca. 2,5 kW ist das Ger\u00e4t optimal f\u00fcr R\u00e4ume mit einer Fl\u00e4che von bis zu etwa 50 m\u00b2 ausgelegt und gew\u00e4hrleistet dort eine kontinuierliche Frischluftzufuhr sowie den effektiven Abtransport verbrauchter Luft.<\/p>\n<p data-start=\"370\" data-end=\"545\">Dank moderner Technik arbeitet das Ger\u00e4t energieeffizient und angenehm leise, wodurch es sich ideal f\u00fcr den Einsatz im Haushalt, im B\u00fcro oder in gewerblichen Bereichen eignet.<\/p>\n<p data-start=\"547\" data-end=\"836\" data-is-last-node=\"\" data-is-only-node=\"\">Das robuste Geh\u00e4use und das zeitlose Design sorgen nicht nur f\u00fcr eine lange Lebensdauer, sondern erm\u00f6glichen auch eine einfache Integration in unterschiedliche Raumkonzepte. So erhalten Sie eine zuverl\u00e4ssige, leistungsstarke und praktische L\u00f6sung f\u00fcr ein gesundes und angenehmes Raumklima.<\/p>\n<\/div>\n<\/div>\n<\/div>\n<\/div>\n<div class=\"z-0 flex min-h-[46px] justify-start\"><\/div>\n<\/div>\n<\/div>\n<\/section>\n<div class=\"pointer-events-none -mt-px h-px translate-y-[calc(var(--scroll-root-safe-area-inset-bottom)-14*var(--spacing))]\" aria-hidden=\"true\"><\/div>\n","protected":false},"excerpt":{"rendered":"","protected":false},"featured_media":0,"template":"","meta":[],"product_cat":[34,35,42,43,44,45,46,47,58,59,60,61,62,63],"product_tag":[],"class_list":{"0":"post-310","1":"product","2":"type-product","3":"status-publish","5":"product_cat-autos-und-fahrzeuge","6":"product_cat-bekleidung-und-zubehoer","7":"product_cat-immobilien-heim-und-garten","8":"product_cat-unterhaltung-freizeit-und-kultur","9":"product_cat-essen-und-trinken","10":"product_cat-sport-veranstaltungen-hobbies","11":"product_cat-gesundheit-und-wellness","12":"product_cat-buero-und-bueroeinrichtung","13":"product_cat-it-und-elektronik","14":"product_cat-werbung-marketing-und-medien","15":"product_cat-transport-und-logistik","16":"product_cat-dienstleistungen-und-oeffentliche-versorgung","17":"product_cat-technische-infrastruktur-industrie","18":"product_cat-tourismus-und-reisen","20":"first","21":"instock","22":"taxable","23":"shipping-taxable","24":"purchasable","25":"product-type-simple"},"_links":{"self":[{"href":"https:\/\/actionmall.act.at\/shop\/3011\/wp-json\/wp\/v2\/product\/310"}],"collection":[{"href":"https:\/\/actionmall.act.at\/shop\/3011\/wp-json\/wp\/v2\/product"}],"about":[{"href":"https:\/\/actionmall.act.at\/shop\/3011\/wp-json\/wp\/v2\/types\/product"}],"wp:attachment":[{"href":"https:\/\/actionmall.act.at\/shop\/3011\/wp-json\/wp\/v2\/media?parent=310"}],"wp:term":[{"taxonomy":"product_cat","embeddable":true,"href":"https:\/\/actionmall.act.at\/shop\/3011\/wp-json\/wp\/v2\/product_cat?post=310"},{"taxonomy":"product_tag","embeddable":true,"href":"https:\/\/actionmall.act.at\/shop\/3011\/wp-json\/wp\/v2\/product_tag?post=310"}],"curies":[{"name":"wp","href":"https:\/\/api.w.org\/{rel}","templated":true}]}}