{"id":291,"date":"2024-11-21T12:03:32","date_gmt":"2024-11-21T11:03:32","guid":{"rendered":"https:\/\/actionmall.act.at\/shop\/372\/?post_type=product&#038;p=291"},"modified":"2026-01-14T16:14:01","modified_gmt":"2026-01-14T15:14:01","slug":"federbrett-fuer-senso-motorisches-training-80-kg","status":"publish","type":"product","link":"https:\/\/actionmall.act.at\/shop\/372\/produkt\/federbrett-fuer-senso-motorisches-training-80-kg\/","title":{"rendered":"AVWF-Federbrett f\u00fcr senso-motorisches Training 80 kg"},"content":{"rendered":"<p>Das <strong>AVWF Federbrett f\u00fcr Neurocoaching<\/strong> bietet sensomotorisches Training in drei Dimensionen \u2013 zur F\u00f6rderung von Balance, Koordination und K\u00f6rperbewusstsein.<\/p>\n<p>Geeignet f\u00fcr verschiedene Gewichtsklassen.<\/p>\n","protected":false},"excerpt":{"rendered":"<p>Das AVWF Federbrett f\u00fcr Neurocoaching bietet sensomotorisches Training in drei Dimensionen \u2013 zur F\u00f6rderung von Balance, Koordination und K\u00f6rperbewusstsein. Geeignet f\u00fcr verschiedene Gewichtsklassen.<\/p>\n","protected":false},"featured_media":421,"template":"","meta":[],"product_cat":[],"product_tag":[],"class_list":{"0":"post-291","1":"product","2":"type-product","3":"status-publish","4":"has-post-thumbnail","7":"first","8":"instock","9":"taxable","10":"shipping-taxable","11":"purchasable","12":"product-type-simple"},"_links":{"self":[{"href":"https:\/\/actionmall.act.at\/shop\/372\/wp-json\/wp\/v2\/product\/291"}],"collection":[{"href":"https:\/\/actionmall.act.at\/shop\/372\/wp-json\/wp\/v2\/product"}],"about":[{"href":"https:\/\/actionmall.act.at\/shop\/372\/wp-json\/wp\/v2\/types\/product"}],"wp:featuredmedia":[{"embeddable":true,"href":"https:\/\/actionmall.act.at\/shop\/372\/wp-json\/wp\/v2\/media\/421"}],"wp:attachment":[{"href":"https:\/\/actionmall.act.at\/shop\/372\/wp-json\/wp\/v2\/media?parent=291"}],"wp:term":[{"taxonomy":"product_cat","embeddable":true,"href":"https:\/\/actionmall.act.at\/shop\/372\/wp-json\/wp\/v2\/product_cat?post=291"},{"taxonomy":"product_tag","embeddable":true,"href":"https:\/\/actionmall.act.at\/shop\/372\/wp-json\/wp\/v2\/product_tag?post=291"}],"curies":[{"name":"wp","href":"https:\/\/api.w.org\/{rel}","templated":true}]}}