{"id":332,"date":"2025-01-16T12:59:53","date_gmt":"2025-01-16T11:59:53","guid":{"rendered":"https:\/\/actionmall.act.at\/shop\/372\/?post_type=product&#038;p=332"},"modified":"2026-01-14T15:56:49","modified_gmt":"2026-01-14T14:56:49","slug":"vitamin-b-12-gummibaechen-45-stueck","status":"publish","type":"product","link":"https:\/\/actionmall.act.at\/shop\/372\/produkt\/vitamin-b-12-gummibaechen-45-stueck\/","title":{"rendered":"Vitamin B 12 Gummib\u00e4rchen"},"content":{"rendered":"<p>Unsere <strong>Vitamin B12 Gummib\u00e4ren<\/strong> bieten eine leckere und einfache M\u00f6glichkeit, Ihren t\u00e4glichen Bedarf an Vitamin B12 zu decken. Ideal f\u00fcr Menschen, die Schwierigkeiten haben, Tabletten oder Kapseln zu schlucken, oder einfach eine schmackhafte Alternative suchen. Vitamin B12 ist essenziell f\u00fcr die Bildung roter Blutk\u00f6rperchen, eine gesunde Nervenfunktion und hilft, M\u00fcdigkeit zu reduzieren. Mit einer praktischen Portionierung von 45 Gummib\u00e4ren pro Packung ist es einfach, gesund zu bleiben und gleichzeitig den Geschmack zu genie\u00dfen.<\/p>\n","protected":false},"excerpt":{"rendered":"<p>Unsere Vitamin B12 Gummib\u00e4ren bieten eine leckere und einfache M\u00f6glichkeit, Ihren t\u00e4glichen Bedarf an Vitamin B12 zu decken. Ideal f\u00fcr Menschen, die Schwierigkeiten haben, Tabletten oder Kapseln zu schlucken, oder einfach eine schmackhafte Alternative suchen. Vitamin B12 ist essenziell f\u00fcr die Bildung roter Blutk\u00f6rperchen, eine gesunde Nervenfunktion und hilft, M\u00fcdigkeit zu reduzieren. Mit einer praktischen [&hellip;]<\/p>\n","protected":false},"featured_media":388,"template":"","meta":[],"product_cat":[],"product_tag":[],"class_list":{"0":"post-332","1":"product","2":"type-product","3":"status-publish","4":"has-post-thumbnail","7":"first","8":"instock","9":"taxable","10":"shipping-taxable","11":"purchasable","12":"product-type-simple"},"_links":{"self":[{"href":"https:\/\/actionmall.act.at\/shop\/372\/wp-json\/wp\/v2\/product\/332"}],"collection":[{"href":"https:\/\/actionmall.act.at\/shop\/372\/wp-json\/wp\/v2\/product"}],"about":[{"href":"https:\/\/actionmall.act.at\/shop\/372\/wp-json\/wp\/v2\/types\/product"}],"wp:featuredmedia":[{"embeddable":true,"href":"https:\/\/actionmall.act.at\/shop\/372\/wp-json\/wp\/v2\/media\/388"}],"wp:attachment":[{"href":"https:\/\/actionmall.act.at\/shop\/372\/wp-json\/wp\/v2\/media?parent=332"}],"wp:term":[{"taxonomy":"product_cat","embeddable":true,"href":"https:\/\/actionmall.act.at\/shop\/372\/wp-json\/wp\/v2\/product_cat?post=332"},{"taxonomy":"product_tag","embeddable":true,"href":"https:\/\/actionmall.act.at\/shop\/372\/wp-json\/wp\/v2\/product_tag?post=332"}],"curies":[{"name":"wp","href":"https:\/\/api.w.org\/{rel}","templated":true}]}}