{"id":266,"date":"2026-04-23T08:03:55","date_gmt":"2026-04-23T06:03:55","guid":{"rendered":"https:\/\/actionmall.act.at\/shop\/414\/?post_type=product&#038;p=266"},"modified":"2026-04-23T08:45:43","modified_gmt":"2026-04-23T06:45:43","slug":"gefahrengutkarton-25-stk","status":"publish","type":"product","link":"https:\/\/actionmall.act.at\/shop\/414\/produkt\/gefahrengutkarton-25-stk\/","title":{"rendered":"Gefahrengutkarton (25 Stk.)"},"content":{"rendered":"<p>Extrem stabiler, brauner Karton f\u00fcr Waren, welche leicht anf\u00e4llig f\u00fcr Sch\u00e4den sind.<\/p>\n","protected":false},"excerpt":{"rendered":"<p>Extrem stabiler, brauner\u00a0Karton\u00a0f\u00fcr Waren, welche leicht anf\u00e4llig f\u00fcr Sch\u00e4den sind<\/p>\n","protected":false},"featured_media":276,"template":"","meta":[],"product_cat":[47,60],"product_tag":[],"class_list":{"0":"post-266","1":"product","2":"type-product","3":"status-publish","4":"has-post-thumbnail","6":"product_cat-buero-und-bueroeinrichtung","7":"product_cat-transport-und-logistik","9":"first","10":"instock","11":"taxable","12":"shipping-taxable","13":"purchasable","14":"product-type-simple"},"_links":{"self":[{"href":"https:\/\/actionmall.act.at\/shop\/414\/wp-json\/wp\/v2\/product\/266"}],"collection":[{"href":"https:\/\/actionmall.act.at\/shop\/414\/wp-json\/wp\/v2\/product"}],"about":[{"href":"https:\/\/actionmall.act.at\/shop\/414\/wp-json\/wp\/v2\/types\/product"}],"wp:featuredmedia":[{"embeddable":true,"href":"https:\/\/actionmall.act.at\/shop\/414\/wp-json\/wp\/v2\/media\/276"}],"wp:attachment":[{"href":"https:\/\/actionmall.act.at\/shop\/414\/wp-json\/wp\/v2\/media?parent=266"}],"wp:term":[{"taxonomy":"product_cat","embeddable":true,"href":"https:\/\/actionmall.act.at\/shop\/414\/wp-json\/wp\/v2\/product_cat?post=266"},{"taxonomy":"product_tag","embeddable":true,"href":"https:\/\/actionmall.act.at\/shop\/414\/wp-json\/wp\/v2\/product_tag?post=266"}],"curies":[{"name":"wp","href":"https:\/\/api.w.org\/{rel}","templated":true}]}}