{"id":269,"date":"2026-04-28T12:34:08","date_gmt":"2026-04-28T10:34:08","guid":{"rendered":"https:\/\/actionmall.act.at\/shop\/437\/?post_type=product&#038;p=269"},"modified":"2026-04-28T12:41:18","modified_gmt":"2026-04-28T10:41:18","slug":"way","status":"publish","type":"product","link":"https:\/\/actionmall.act.at\/shop\/437\/produkt\/way\/","title":{"rendered":"Way"},"content":{"rendered":"<h4>Leisure Time &#8211; Line<\/h4>\n<p data-start=\"0\" data-end=\"341\">Der Way ist ein leichter und vielseitiger Freizeitschuh, der Komfort und modernes Design ideal verbindet. Das atmungsaktive Mesh-Obermaterial sorgt f\u00fcr ein angenehmes Fu\u00dfklima, w\u00e4hrend das herausnehmbare Memory Foam Fu\u00dfbett sich optimal an den Fu\u00df anpasst und f\u00fcr hohen Tragekomfort den ganzen Tag \u00fcber sorgt.<\/p>\n<p data-start=\"343\" data-end=\"599\">Das weiche Textilfutter unterst\u00fctzt ein angenehmes Tragegef\u00fchl, w\u00e4hrend die Gummi\/PUR-Sohle f\u00fcr gute D\u00e4mpfung, Flexibilit\u00e4t und sicheren Halt im Alltag bietet. Ob in der Freizeit, beim Stadtbummel oder auf Reisen \u2013 dieser Schuh ist ein bequemer Allrounder.<\/p>\n<p data-start=\"601\" data-end=\"698\">Erh\u00e4ltlich in grau, t\u00fcrkis, schwarz, wei\u00df, Rose und Denim in den Gr\u00f6\u00dfen 36\u201343.<\/p>\n","protected":false},"excerpt":{"rendered":"<section class=\"text-token-text-primary w-full focus:outline-none [--shadow-height:45px] has-data-writing-block:pointer-events-none has-data-writing-block:-mt-(--shadow-height) has-data-writing-block:pt-(--shadow-height) [&#038;:has([data-writing-block])>*]:pointer-events-auto [content-visibility:auto] supports-[content-visibility:auto]:[contain-intrinsic-size:auto_100lvh] R6Vx5W_threadScrollVars scroll-mb-[calc(var(&#8211;scroll-root-safe-area-inset-bottom,0px)+var(&#8211;thread-response-height))] scroll-mt-[calc(var(&#8211;header-height)+min(200px,max(70px,20svh)))]&#8220; dir=&#8220;auto&#8220; data-turn-id=&#8220;request-WEB:26cdea01-96cf-44d9-90c7-2105cc758533-7&#8243; data-testid=&#8220;conversation-turn-16&#8243; data-scroll-anchor=&#8220;false&#8220; data-turn=&#8220;assistant&#8220;><\/p>\n<div class=\"text-base my-auto mx-auto pb-10 [--thread-content-margin:var(--thread-content-margin-xs,calc(var(--spacing)*4))] @w-sm\/main:[--thread-content-margin:var(--thread-content-margin-sm,calc(var(--spacing)*6))] @w-lg\/main:[--thread-content-margin:var(--thread-content-margin-lg,calc(var(--spacing)*16))] px-(--thread-content-margin)\">\n<div class=\"[--thread-content-max-width:40rem] @w-lg\/main:[--thread-content-max-width:48rem] mx-auto max-w-(--thread-content-max-width) flex-1 group\/turn-messages focus-visible:outline-hidden relative flex w-full min-w-0 flex-col agent-turn\">\n<div class=\"flex max-w-full flex-col gap-4 grow\">\n<div class=\"min-h-8 text-message relative flex w-full flex-col items-end gap-2 text-start break-words whitespace-normal outline-none keyboard-focused:focus-ring [.text-message+&#038;]:mt-1\" dir=\"auto\" data-message-author-role=\"assistant\" data-message-id=\"a2f63f94-06fa-4a4b-970c-0fe9b8a46b7c\" data-message-model-slug=\"gpt-5-3\" data-turn-start-message=\"true\">\n<div class=\"flex w-full flex-col gap-1 empty:hidden\">\n<div class=\"markdown prose dark:prose-invert w-full wrap-break-word light markdown-new-styling\">\n<p data-start=\"700\" data-end=\"827\" data-is-last-node=\"\" data-is-only-node=\"\">Leichter Freizeitschuh aus atmungsaktivem Mesh mit Memory Foam Fu\u00dfbett f\u00fcr optimalen Komfort im Alltag.<\/p>\n<\/div>\n<\/div>\n<\/div>\n<\/div>\n<div class=\"z-0 flex min-h-[46px] justify-start\"><\/div>\n<\/div>\n<\/div>\n<\/section>\n<div class=\"pointer-events-none -mt-px h-px translate-y-[calc(var(--scroll-root-safe-area-inset-bottom)-14*var(--spacing))]\" aria-hidden=\"true\"><\/div>\n","protected":false},"featured_media":271,"template":"","meta":[],"product_cat":[],"product_tag":[],"class_list":{"0":"post-269","1":"product","2":"type-product","3":"status-publish","4":"has-post-thumbnail","7":"first","8":"instock","9":"sale","10":"taxable","11":"shipping-taxable","12":"purchasable","13":"product-type-simple"},"_links":{"self":[{"href":"https:\/\/actionmall.act.at\/shop\/437\/wp-json\/wp\/v2\/product\/269"}],"collection":[{"href":"https:\/\/actionmall.act.at\/shop\/437\/wp-json\/wp\/v2\/product"}],"about":[{"href":"https:\/\/actionmall.act.at\/shop\/437\/wp-json\/wp\/v2\/types\/product"}],"wp:featuredmedia":[{"embeddable":true,"href":"https:\/\/actionmall.act.at\/shop\/437\/wp-json\/wp\/v2\/media\/271"}],"wp:attachment":[{"href":"https:\/\/actionmall.act.at\/shop\/437\/wp-json\/wp\/v2\/media?parent=269"}],"wp:term":[{"taxonomy":"product_cat","embeddable":true,"href":"https:\/\/actionmall.act.at\/shop\/437\/wp-json\/wp\/v2\/product_cat?post=269"},{"taxonomy":"product_tag","embeddable":true,"href":"https:\/\/actionmall.act.at\/shop\/437\/wp-json\/wp\/v2\/product_tag?post=269"}],"curies":[{"name":"wp","href":"https:\/\/api.w.org\/{rel}","templated":true}]}}