{"id":329,"date":"2026-02-12T15:34:02","date_gmt":"2026-02-12T14:34:02","guid":{"rendered":"https:\/\/actionmall.act.at\/shop\/47\/?post_type=product&#038;p=329"},"modified":"2026-03-05T13:09:45","modified_gmt":"2026-03-05T12:09:45","slug":"aktenschrank-basic","status":"publish","type":"product","link":"https:\/\/actionmall.act.at\/shop\/47\/produkt\/aktenschrank-basic\/","title":{"rendered":"Aktenschrank Basic"},"content":{"rendered":"<p>Aktenschrank Basic<br \/>\nPraktischer und stabiler Aktenschrank mit ausreichend Stauraum f\u00fcr Ordner und Unterlagen. Zeitloses Design, ideal f\u00fcr B\u00fcro oder Homeoffice. Robust, funktional und vielseitig einsetzbar.<\/p>\n","protected":false},"excerpt":{"rendered":"<ul>\n<li>H\u00f6he: 78 cm<\/li>\n<li>Breite: 92 cm<\/li>\n<li>Tiefe:40 cm<\/li>\n<\/ul>\n","protected":false},"featured_media":389,"template":"","meta":[],"product_cat":[47],"product_tag":[],"class_list":{"0":"post-329","1":"product","2":"type-product","3":"status-publish","4":"has-post-thumbnail","6":"product_cat-buero-und-bueroeinrichtung","8":"first","9":"instock","10":"taxable","11":"shipping-taxable","12":"purchasable","13":"product-type-simple"},"_links":{"self":[{"href":"https:\/\/actionmall.act.at\/shop\/47\/wp-json\/wp\/v2\/product\/329"}],"collection":[{"href":"https:\/\/actionmall.act.at\/shop\/47\/wp-json\/wp\/v2\/product"}],"about":[{"href":"https:\/\/actionmall.act.at\/shop\/47\/wp-json\/wp\/v2\/types\/product"}],"wp:featuredmedia":[{"embeddable":true,"href":"https:\/\/actionmall.act.at\/shop\/47\/wp-json\/wp\/v2\/media\/389"}],"wp:attachment":[{"href":"https:\/\/actionmall.act.at\/shop\/47\/wp-json\/wp\/v2\/media?parent=329"}],"wp:term":[{"taxonomy":"product_cat","embeddable":true,"href":"https:\/\/actionmall.act.at\/shop\/47\/wp-json\/wp\/v2\/product_cat?post=329"},{"taxonomy":"product_tag","embeddable":true,"href":"https:\/\/actionmall.act.at\/shop\/47\/wp-json\/wp\/v2\/product_tag?post=329"}],"curies":[{"name":"wp","href":"https:\/\/api.w.org\/{rel}","templated":true}]}}