{"id":295,"date":"2024-11-25T14:49:49","date_gmt":"2024-11-25T13:49:49","guid":{"rendered":"https:\/\/actionmall.act.at\/shop\/471\/?post_type=product&#038;p=295"},"modified":"2024-11-25T14:49:49","modified_gmt":"2024-11-25T13:49:49","slug":"quick-escape-abs-backpack-quickie","status":"publish","type":"product","link":"https:\/\/actionmall.act.at\/shop\/471\/produkt\/quick-escape-abs-backpack-quickie\/","title":{"rendered":"Quick Escape ABS backpack \u201eQuickie\u201c"},"content":{"rendered":"<p>Immer mehr Skifahrer und Snowboarder konnten sich in einer Lawine dank ABS-Airbag an der Oberfl\u00e4che halten. Dieses ABS-System ist ideal f\u00fcr alle Variantenfahrer und Tages-Toureng\u00e4nger die unterwegs auf nichts verzichten m\u00f6chten, und trotzdem einen kompakten Rucksack bevorzugen. Durch einen Ausl\u00f6segriff kann das System aktiviert werden, welches das Opfer an der Oberfl\u00e4che h\u00e4lt und so Leben retten kann.<br \/>\n*Trinksystem kompatibel<br \/>\n*2-Deckel Taschen<br \/>\n*Seitentaschen<br \/>\n*Basis Spanngurtaufnahmen<br \/>\n*Rope Armband<br \/>\n*Verstellbarer Brustgurt<br \/>\n*Eispickel \/ Walking-St\u00f6cke-Befestigungspunkte<br \/>\n*Regenschutz<\/p>\n","protected":false},"excerpt":{"rendered":"<p>Quick Escape ABS backpack \u201eQuickie\u201c<\/p>\n","protected":false},"featured_media":298,"template":"","meta":[],"product_cat":[],"product_tag":[],"class_list":{"0":"post-295","1":"product","2":"type-product","3":"status-publish","4":"has-post-thumbnail","7":"first","8":"instock","9":"taxable","10":"shipping-taxable","11":"purchasable","12":"product-type-simple"},"_links":{"self":[{"href":"https:\/\/actionmall.act.at\/shop\/471\/wp-json\/wp\/v2\/product\/295"}],"collection":[{"href":"https:\/\/actionmall.act.at\/shop\/471\/wp-json\/wp\/v2\/product"}],"about":[{"href":"https:\/\/actionmall.act.at\/shop\/471\/wp-json\/wp\/v2\/types\/product"}],"wp:featuredmedia":[{"embeddable":true,"href":"https:\/\/actionmall.act.at\/shop\/471\/wp-json\/wp\/v2\/media\/298"}],"wp:attachment":[{"href":"https:\/\/actionmall.act.at\/shop\/471\/wp-json\/wp\/v2\/media?parent=295"}],"wp:term":[{"taxonomy":"product_cat","embeddable":true,"href":"https:\/\/actionmall.act.at\/shop\/471\/wp-json\/wp\/v2\/product_cat?post=295"},{"taxonomy":"product_tag","embeddable":true,"href":"https:\/\/actionmall.act.at\/shop\/471\/wp-json\/wp\/v2\/product_tag?post=295"}],"curies":[{"name":"wp","href":"https:\/\/api.w.org\/{rel}","templated":true}]}}