{"id":424,"date":"2026-04-15T09:36:29","date_gmt":"2026-04-15T07:36:29","guid":{"rendered":"https:\/\/actionmall.act.at\/shop\/475\/?post_type=product&#038;p=424"},"modified":"2026-04-15T09:36:29","modified_gmt":"2026-04-15T07:36:29","slug":"nordic-walking-inkl-picknick-im-park","status":"publish","type":"product","link":"https:\/\/actionmall.act.at\/shop\/475\/produkt\/nordic-walking-inkl-picknick-im-park\/","title":{"rendered":"Nordic walking inkl. Picknick im Park"},"content":{"rendered":"<p>Fr\u00fchjahrsangebot: Walking St\u00f6cke +<br \/>\nWasserflasche mit ihrem Firmenlogo<\/p>\n<p>Preisbeispiel f\u00fcr 10 Personen inkl. Picknick:<br \/>\n750\u20ac Netto mit Branding, 700\u20ac ohne Branding<br \/>\nindividuelle Angebote m\u00f6glich<\/p>\n","protected":false},"excerpt":{"rendered":"<p>Fr\u00fchjahrsangebot: Walking St\u00f6cke + Wasserflasche mit ihrem Firmenlogo Preisbeispiel f\u00fcr 10 Personen inkl. Picknick: 750\u20ac Netto mit Branding, 700\u20ac ohne Branding individuelle Angebote m\u00f6glich<\/p>\n","protected":false},"featured_media":425,"template":"","meta":[],"product_cat":[61],"product_tag":[],"class_list":{"0":"post-424","1":"product","2":"type-product","3":"status-publish","4":"has-post-thumbnail","6":"product_cat-dienstleistungen-und-oeffentliche-versorgung","8":"first","9":"instock","10":"taxable","11":"shipping-taxable","12":"purchasable","13":"product-type-simple"},"_links":{"self":[{"href":"https:\/\/actionmall.act.at\/shop\/475\/wp-json\/wp\/v2\/product\/424"}],"collection":[{"href":"https:\/\/actionmall.act.at\/shop\/475\/wp-json\/wp\/v2\/product"}],"about":[{"href":"https:\/\/actionmall.act.at\/shop\/475\/wp-json\/wp\/v2\/types\/product"}],"wp:featuredmedia":[{"embeddable":true,"href":"https:\/\/actionmall.act.at\/shop\/475\/wp-json\/wp\/v2\/media\/425"}],"wp:attachment":[{"href":"https:\/\/actionmall.act.at\/shop\/475\/wp-json\/wp\/v2\/media?parent=424"}],"wp:term":[{"taxonomy":"product_cat","embeddable":true,"href":"https:\/\/actionmall.act.at\/shop\/475\/wp-json\/wp\/v2\/product_cat?post=424"},{"taxonomy":"product_tag","embeddable":true,"href":"https:\/\/actionmall.act.at\/shop\/475\/wp-json\/wp\/v2\/product_tag?post=424"}],"curies":[{"name":"wp","href":"https:\/\/api.w.org\/{rel}","templated":true}]}}