{"id":277,"date":"2025-12-12T12:53:21","date_gmt":"2025-12-12T11:53:21","guid":{"rendered":"https:\/\/actionmall.act.at\/shop\/534\/?post_type=product&#038;p=277"},"modified":"2026-01-20T11:39:47","modified_gmt":"2026-01-20T10:39:47","slug":"yogamatte","status":"publish","type":"product","link":"https:\/\/actionmall.act.at\/shop\/534\/produkt\/yogamatte\/","title":{"rendered":"Yogamatte"},"content":{"rendered":"<p>Erlebe Komfort und Stabilit\u00e4t mit unserer rutschfesten Yogamatte. Sie bietet mit 6 mm Dicke optimalen Gelenkschutz und eine rutschfeste Oberfl\u00e4che f\u00fcr sicheren Halt bei jeder \u00dcbung. Die Matte ist umweltfreundlich, leicht und einfach zu reinigen. Ideal f\u00fcr Yoga, Pilates und Meditation \u2013 sowohl f\u00fcr Anf\u00e4nger als auch f\u00fcr Profis.<\/p>\n","protected":false},"excerpt":{"rendered":"<p>Erlebe Komfort und Stabilit\u00e4t mit unserer rutschfesten Yogamatte. Sie bietet mit 6 mm Dicke optimalen Gelenkschutz und eine rutschfeste Oberfl\u00e4che f\u00fcr sicheren Halt bei jeder \u00dcbung. Die Matte ist umweltfreundlich, leicht und einfach zu reinigen. Ideal f\u00fcr Yoga, Pilates und Meditation \u2013 sowohl f\u00fcr Anf\u00e4nger als auch f\u00fcr Profis.<\/p>\n","protected":false},"featured_media":274,"template":"","meta":[],"product_cat":[],"product_tag":[],"class_list":{"0":"post-277","1":"product","2":"type-product","3":"status-publish","4":"has-post-thumbnail","7":"first","8":"instock","9":"taxable","10":"shipping-taxable","11":"purchasable","12":"product-type-simple"},"_links":{"self":[{"href":"https:\/\/actionmall.act.at\/shop\/534\/wp-json\/wp\/v2\/product\/277"}],"collection":[{"href":"https:\/\/actionmall.act.at\/shop\/534\/wp-json\/wp\/v2\/product"}],"about":[{"href":"https:\/\/actionmall.act.at\/shop\/534\/wp-json\/wp\/v2\/types\/product"}],"wp:featuredmedia":[{"embeddable":true,"href":"https:\/\/actionmall.act.at\/shop\/534\/wp-json\/wp\/v2\/media\/274"}],"wp:attachment":[{"href":"https:\/\/actionmall.act.at\/shop\/534\/wp-json\/wp\/v2\/media?parent=277"}],"wp:term":[{"taxonomy":"product_cat","embeddable":true,"href":"https:\/\/actionmall.act.at\/shop\/534\/wp-json\/wp\/v2\/product_cat?post=277"},{"taxonomy":"product_tag","embeddable":true,"href":"https:\/\/actionmall.act.at\/shop\/534\/wp-json\/wp\/v2\/product_tag?post=277"}],"curies":[{"name":"wp","href":"https:\/\/api.w.org\/{rel}","templated":true}]}}