{"id":294,"date":"2025-12-16T11:50:50","date_gmt":"2025-12-16T10:50:50","guid":{"rendered":"https:\/\/actionmall.act.at\/shop\/534\/?post_type=product&#038;p=294"},"modified":"2026-02-22T17:59:14","modified_gmt":"2026-02-22T16:59:14","slug":"kurzhanteln-1kg","status":"publish","type":"product","link":"https:\/\/actionmall.act.at\/shop\/534\/produkt\/kurzhanteln-1kg\/","title":{"rendered":"Kurzhanteln 1kg"},"content":{"rendered":"<p><strong>Gr\u00fcne 1 kg Kurzhanteln<\/strong><\/p>\n<p>Sie eignen sich optimal f\u00fcr den Aufbau und die Erhaltung diverser Muskelgruppen. Daher sind sie sowie f\u00fcrs Muskeltraining wie auch im Fitness einsetzbar.<\/p>\n","protected":false},"excerpt":{"rendered":"<p>Gr\u00fcne 1 kg Kurzhanteln Sie eignen sich optimal f\u00fcr den Aufbau und die Erhaltung diverser Muskelgruppen. Daher sind sie sowie f\u00fcrs Muskeltraining wie auch im Fitness einsetzbar.<\/p>\n","protected":false},"featured_media":295,"template":"","meta":[],"product_cat":[],"product_tag":[],"class_list":{"0":"post-294","1":"product","2":"type-product","3":"status-publish","4":"has-post-thumbnail","7":"first","8":"instock","9":"taxable","10":"shipping-taxable","11":"purchasable","12":"product-type-simple"},"_links":{"self":[{"href":"https:\/\/actionmall.act.at\/shop\/534\/wp-json\/wp\/v2\/product\/294"}],"collection":[{"href":"https:\/\/actionmall.act.at\/shop\/534\/wp-json\/wp\/v2\/product"}],"about":[{"href":"https:\/\/actionmall.act.at\/shop\/534\/wp-json\/wp\/v2\/types\/product"}],"wp:featuredmedia":[{"embeddable":true,"href":"https:\/\/actionmall.act.at\/shop\/534\/wp-json\/wp\/v2\/media\/295"}],"wp:attachment":[{"href":"https:\/\/actionmall.act.at\/shop\/534\/wp-json\/wp\/v2\/media?parent=294"}],"wp:term":[{"taxonomy":"product_cat","embeddable":true,"href":"https:\/\/actionmall.act.at\/shop\/534\/wp-json\/wp\/v2\/product_cat?post=294"},{"taxonomy":"product_tag","embeddable":true,"href":"https:\/\/actionmall.act.at\/shop\/534\/wp-json\/wp\/v2\/product_tag?post=294"}],"curies":[{"name":"wp","href":"https:\/\/api.w.org\/{rel}","templated":true}]}}