{"id":270,"date":"2025-12-03T15:53:48","date_gmt":"2025-12-03T14:53:48","guid":{"rendered":"https:\/\/actionmall.act.at\/shop\/593\/?post_type=product&#038;p=270"},"modified":"2026-01-20T15:16:49","modified_gmt":"2026-01-20T14:16:49","slug":"mybrand-mealbag-brotdose-set-10-stueck","status":"publish","type":"product","link":"https:\/\/actionmall.act.at\/shop\/593\/produkt\/mybrand-mealbag-brotdose-set-10-stueck\/","title":{"rendered":"MyBrand Mealbag\/Brotdose Set (10 St\u00fcck)"},"content":{"rendered":"<p><strong>ADART \u2013 10\u00d7 personalisierte Mealbag-Sets (Brotdose + Besteck)<\/strong><\/p>\n<p>Praktisch, stylisch und perfekt f\u00fcr nachhaltige Werbung:<\/p>\n<p>Du bekommst <strong>10 individuell bedruckte Mealbag-Sets<\/strong>, bestehend aus Tasche, Brotdose und Besteck \u2013 alles mit deinem Logo oder Design.<\/p>\n<p><strong>Details:<\/strong><\/p>\n<p>10\u00d7 Mealbags + 10\u00d7 Brotdosen + 10\u00d7 Besteck-Sets<\/p>\n<p>Personalisierbar mit Logo \/ Motiv<\/p>\n<p>Wiederverwendbar, stabil &#038; hochwertig verarbeitet<\/p>\n<p>Perfekt f\u00fcr Firmen, Vereine, Schule, Events oder Merch<\/p>\n<p>Nachhaltig, n\u00fctzlich &#038; auff\u00e4llig<\/p>\n<p><strong>ADART \u2013 Essen, Style &#038; Werbung in einem.<\/strong><\/p>\n","protected":false},"excerpt":{"rendered":"<p>ADART \u2013 10\u00d7 personalisierte Mealbag-Sets (Brotdose + Besteck) Praktisch, stylisch und perfekt f\u00fcr nachhaltige Werbung: Du bekommst 10 individuell bedruckte Mealbag-Sets, bestehend aus Tasche, Brotdose und Besteck \u2013 alles mit deinem Logo oder Design. Details: 10\u00d7 Mealbags + 10\u00d7 Brotdosen + 10\u00d7 Besteck-Sets Personalisierbar mit Logo \/ Motiv Wiederverwendbar, stabil &#038; hochwertig verarbeitet Perfekt f\u00fcr [&hellip;]<\/p>\n","protected":false},"featured_media":273,"template":"","meta":[],"product_cat":[],"product_tag":[],"class_list":{"0":"post-270","1":"product","2":"type-product","3":"status-publish","4":"has-post-thumbnail","7":"first","8":"instock","9":"taxable","10":"shipping-taxable","11":"purchasable","12":"product-type-simple"},"_links":{"self":[{"href":"https:\/\/actionmall.act.at\/shop\/593\/wp-json\/wp\/v2\/product\/270"}],"collection":[{"href":"https:\/\/actionmall.act.at\/shop\/593\/wp-json\/wp\/v2\/product"}],"about":[{"href":"https:\/\/actionmall.act.at\/shop\/593\/wp-json\/wp\/v2\/types\/product"}],"wp:featuredmedia":[{"embeddable":true,"href":"https:\/\/actionmall.act.at\/shop\/593\/wp-json\/wp\/v2\/media\/273"}],"wp:attachment":[{"href":"https:\/\/actionmall.act.at\/shop\/593\/wp-json\/wp\/v2\/media?parent=270"}],"wp:term":[{"taxonomy":"product_cat","embeddable":true,"href":"https:\/\/actionmall.act.at\/shop\/593\/wp-json\/wp\/v2\/product_cat?post=270"},{"taxonomy":"product_tag","embeddable":true,"href":"https:\/\/actionmall.act.at\/shop\/593\/wp-json\/wp\/v2\/product_tag?post=270"}],"curies":[{"name":"wp","href":"https:\/\/api.w.org\/{rel}","templated":true}]}}