{"id":285,"date":"2025-12-03T16:20:31","date_gmt":"2025-12-03T15:20:31","guid":{"rendered":"https:\/\/actionmall.act.at\/shop\/593\/?post_type=product&#038;p=285"},"modified":"2025-12-06T18:34:29","modified_gmt":"2025-12-06T17:34:29","slug":"mybrand-haube-10-stueck","status":"publish","type":"product","link":"https:\/\/actionmall.act.at\/shop\/593\/produkt\/mybrand-haube-10-stueck\/","title":{"rendered":"MyBrand Haube (10 St\u00fcck)"},"content":{"rendered":"<p>Unsere M\u00fctze ist der perfekte Begleiter f\u00fcr jeden Tag. Sie ist bequem, stylisch und l\u00e4sst sich mit einem eigenen Logo individuell gestalten. So wird sie zum echten Hingucker \u2013 egal ob f\u00fcr Firma, Verein oder Freizeit.<\/p>\n","protected":false},"excerpt":{"rendered":"<p>Unsere M\u00fctze ist der perfekte Begleiter f\u00fcr jeden Tag. Sie ist bequem, stylisch und l\u00e4sst sich mit einem eigenen Logo individuell gestalten. So wird sie zum echten Hingucker \u2013 egal ob f\u00fcr Firma, Verein oder Freizeit.<\/p>\n","protected":false},"featured_media":286,"template":"","meta":[],"product_cat":[],"product_tag":[],"class_list":{"0":"post-285","1":"product","2":"type-product","3":"status-publish","4":"has-post-thumbnail","7":"first","8":"instock","9":"taxable","10":"shipping-taxable","11":"purchasable","12":"product-type-simple"},"_links":{"self":[{"href":"https:\/\/actionmall.act.at\/shop\/593\/wp-json\/wp\/v2\/product\/285"}],"collection":[{"href":"https:\/\/actionmall.act.at\/shop\/593\/wp-json\/wp\/v2\/product"}],"about":[{"href":"https:\/\/actionmall.act.at\/shop\/593\/wp-json\/wp\/v2\/types\/product"}],"wp:featuredmedia":[{"embeddable":true,"href":"https:\/\/actionmall.act.at\/shop\/593\/wp-json\/wp\/v2\/media\/286"}],"wp:attachment":[{"href":"https:\/\/actionmall.act.at\/shop\/593\/wp-json\/wp\/v2\/media?parent=285"}],"wp:term":[{"taxonomy":"product_cat","embeddable":true,"href":"https:\/\/actionmall.act.at\/shop\/593\/wp-json\/wp\/v2\/product_cat?post=285"},{"taxonomy":"product_tag","embeddable":true,"href":"https:\/\/actionmall.act.at\/shop\/593\/wp-json\/wp\/v2\/product_tag?post=285"}],"curies":[{"name":"wp","href":"https:\/\/api.w.org\/{rel}","templated":true}]}}