{"id":290,"date":"2025-12-03T16:27:11","date_gmt":"2025-12-03T15:27:11","guid":{"rendered":"https:\/\/actionmall.act.at\/shop\/593\/?post_type=product&#038;p=290"},"modified":"2025-12-06T18:30:52","modified_gmt":"2025-12-06T17:30:52","slug":"mybrand-tasse-10-stueck","status":"publish","type":"product","link":"https:\/\/actionmall.act.at\/shop\/593\/produkt\/mybrand-tasse-10-stueck\/","title":{"rendered":"MyBrand Tasse (10 St\u00fcck)"},"content":{"rendered":"<p>MyBrand Tassen<\/p>\n<p>Mehr Tassen, mehr Markenwirkung.<\/p>\n<p>Ideal f\u00fcr B\u00fcros, Events oder Kundengeschenke &#8211; das 10er-Set sorgt f\u00fcr einheitliches Branding und bleibenden Eindruck. Hochwertige Keramiktassen mit individuellem Druck, langlebig und sp\u00fclmaschinenfest.<\/p>\n<p>Die Advertising &#038; Office Art OG ist Ihr verl\u00e4sslicher Partner f\u00fcr personalisierbare Produkte.<\/p>\n<p>Material: Keramik<\/p>\n<p>Fassungsverm\u00f6gen: ca. 330ml<\/p>\n<p>Druck: individuell mit Logo oder Motiv<\/p>\n<p>Lieferumfang: 10 Tassen<\/p>\n","protected":false},"excerpt":{"rendered":"<p>MyBrand Tassen Mehr Tassen, mehr Markenwirkung. Ideal f\u00fcr B\u00fcros, Events oder Kundengeschenke &#8211; das 10er-Set sorgt f\u00fcr einheitliches Branding und bleibenden Eindruck. Hochwertige Keramiktassen mit individuellem Druck, langlebig und sp\u00fclmaschinenfest. Die Advertising &#038; Office Art OG ist Ihr verl\u00e4sslicher Partner f\u00fcr personalisierbare Produkte. Material: Keramik Fassungsverm\u00f6gen: ca. 330ml Druck: individuell mit Logo oder Motiv Lieferumfang: [&hellip;]<\/p>\n","protected":false},"featured_media":292,"template":"","meta":[],"product_cat":[],"product_tag":[],"class_list":{"0":"post-290","1":"product","2":"type-product","3":"status-publish","4":"has-post-thumbnail","7":"first","8":"instock","9":"taxable","10":"shipping-taxable","11":"purchasable","12":"product-type-simple"},"_links":{"self":[{"href":"https:\/\/actionmall.act.at\/shop\/593\/wp-json\/wp\/v2\/product\/290"}],"collection":[{"href":"https:\/\/actionmall.act.at\/shop\/593\/wp-json\/wp\/v2\/product"}],"about":[{"href":"https:\/\/actionmall.act.at\/shop\/593\/wp-json\/wp\/v2\/types\/product"}],"wp:featuredmedia":[{"embeddable":true,"href":"https:\/\/actionmall.act.at\/shop\/593\/wp-json\/wp\/v2\/media\/292"}],"wp:attachment":[{"href":"https:\/\/actionmall.act.at\/shop\/593\/wp-json\/wp\/v2\/media?parent=290"}],"wp:term":[{"taxonomy":"product_cat","embeddable":true,"href":"https:\/\/actionmall.act.at\/shop\/593\/wp-json\/wp\/v2\/product_cat?post=290"},{"taxonomy":"product_tag","embeddable":true,"href":"https:\/\/actionmall.act.at\/shop\/593\/wp-json\/wp\/v2\/product_tag?post=290"}],"curies":[{"name":"wp","href":"https:\/\/api.w.org\/{rel}","templated":true}]}}