{"id":294,"date":"2025-12-03T16:35:46","date_gmt":"2025-12-03T15:35:46","guid":{"rendered":"https:\/\/actionmall.act.at\/shop\/593\/?post_type=product&#038;p=294"},"modified":"2025-12-06T18:27:14","modified_gmt":"2025-12-06T17:27:14","slug":"mybrand-t-shirt-10-stueck","status":"publish","type":"product","link":"https:\/\/actionmall.act.at\/shop\/593\/produkt\/mybrand-t-shirt-10-stueck\/","title":{"rendered":"MyBrand T-Shirt (10 St\u00fcck)"},"content":{"rendered":"<p>Unser T-Shirt \u00fcberzeugt durch hohen Tragekomfort und langlebige Qualit\u00e4t. Das Logo kann individuell gestaltet werden \u2013 ideal f\u00fcr Firmen, Vereine oder Schulprojekte.<\/p>\n","protected":false},"excerpt":{"rendered":"<p>Unser T-Shirt \u00fcberzeugt durch hohen Tragekomfort und langlebige Qualit\u00e4t. Das Logo kann individuell gestaltet werden \u2013 ideal f\u00fcr Firmen, Vereine oder Schulprojekte.<\/p>\n","protected":false},"featured_media":295,"template":"","meta":[],"product_cat":[],"product_tag":[],"class_list":{"0":"post-294","1":"product","2":"type-product","3":"status-publish","4":"has-post-thumbnail","7":"first","8":"instock","9":"taxable","10":"shipping-taxable","11":"purchasable","12":"product-type-simple"},"_links":{"self":[{"href":"https:\/\/actionmall.act.at\/shop\/593\/wp-json\/wp\/v2\/product\/294"}],"collection":[{"href":"https:\/\/actionmall.act.at\/shop\/593\/wp-json\/wp\/v2\/product"}],"about":[{"href":"https:\/\/actionmall.act.at\/shop\/593\/wp-json\/wp\/v2\/types\/product"}],"wp:featuredmedia":[{"embeddable":true,"href":"https:\/\/actionmall.act.at\/shop\/593\/wp-json\/wp\/v2\/media\/295"}],"wp:attachment":[{"href":"https:\/\/actionmall.act.at\/shop\/593\/wp-json\/wp\/v2\/media?parent=294"}],"wp:term":[{"taxonomy":"product_cat","embeddable":true,"href":"https:\/\/actionmall.act.at\/shop\/593\/wp-json\/wp\/v2\/product_cat?post=294"},{"taxonomy":"product_tag","embeddable":true,"href":"https:\/\/actionmall.act.at\/shop\/593\/wp-json\/wp\/v2\/product_tag?post=294"}],"curies":[{"name":"wp","href":"https:\/\/api.w.org\/{rel}","templated":true}]}}