{"id":300,"date":"2025-12-03T17:05:24","date_gmt":"2025-12-03T16:05:24","guid":{"rendered":"https:\/\/actionmall.act.at\/shop\/593\/?post_type=product&#038;p=300"},"modified":"2025-12-06T18:12:16","modified_gmt":"2025-12-06T17:12:16","slug":"mybrand-stoffbeutel-10-stueck","status":"publish","type":"product","link":"https:\/\/actionmall.act.at\/shop\/593\/produkt\/mybrand-stoffbeutel-10-stueck\/","title":{"rendered":"MyBrand Stoffbeutel (10 St\u00fcck)"},"content":{"rendered":"<p><strong>ADART \u2013 10\u00d7 personalisierte Stoffbeutel<\/strong><\/p>\n<p>Perfekt f\u00fcr Events, Aktionen &#038; Projekte:<\/p>\n<p>Du bekommst <strong>10 individuell bedruckte Stoffbeutel<\/strong> mit deinem Logo \u2013 praktisch, stylisch und nachhaltig.<\/p>\n<p><strong>Details:<\/strong><\/p>\n<p>10\u00d7 Stoffbeutel mit individuellem Druck<\/p>\n<p>Wiederverwendbar &#038; robust<\/p>\n<p>Ideal f\u00fcr Messen, M\u00e4rkte, Schule, Vereine, Firmen &#038; Merch<\/p>\n<p>Gro\u00dfe Werbefl\u00e4che &#038; hoher Nutzen<\/p>\n<p>Dein Logo unterwegs, jeden Tag sichtbar \u2013 ganz ohne Plastik.<\/p>\n<p><strong>ADART \u2013 nachhaltig werben, stylisch auftreten.<\/strong><\/p>\n","protected":false},"excerpt":{"rendered":"<p>ADART \u2013 10\u00d7 personalisierte Stoffbeutel Perfekt f\u00fcr Events, Aktionen &#038; Projekte: Du bekommst 10 individuell bedruckte Stoffbeutel mit deinem Logo \u2013 praktisch, stylisch und nachhaltig. Details: 10\u00d7 Stoffbeutel mit individuellem Druck Wiederverwendbar &#038; robust Ideal f\u00fcr Messen, M\u00e4rkte, Schule, Vereine, Firmen &#038; Merch Gro\u00dfe Werbefl\u00e4che &#038; hoher Nutzen Dein Logo unterwegs, jeden Tag sichtbar \u2013 [&hellip;]<\/p>\n","protected":false},"featured_media":311,"template":"","meta":[],"product_cat":[],"product_tag":[],"class_list":{"0":"post-300","1":"product","2":"type-product","3":"status-publish","4":"has-post-thumbnail","7":"first","8":"instock","9":"taxable","10":"shipping-taxable","11":"purchasable","12":"product-type-simple"},"_links":{"self":[{"href":"https:\/\/actionmall.act.at\/shop\/593\/wp-json\/wp\/v2\/product\/300"}],"collection":[{"href":"https:\/\/actionmall.act.at\/shop\/593\/wp-json\/wp\/v2\/product"}],"about":[{"href":"https:\/\/actionmall.act.at\/shop\/593\/wp-json\/wp\/v2\/types\/product"}],"wp:featuredmedia":[{"embeddable":true,"href":"https:\/\/actionmall.act.at\/shop\/593\/wp-json\/wp\/v2\/media\/311"}],"wp:attachment":[{"href":"https:\/\/actionmall.act.at\/shop\/593\/wp-json\/wp\/v2\/media?parent=300"}],"wp:term":[{"taxonomy":"product_cat","embeddable":true,"href":"https:\/\/actionmall.act.at\/shop\/593\/wp-json\/wp\/v2\/product_cat?post=300"},{"taxonomy":"product_tag","embeddable":true,"href":"https:\/\/actionmall.act.at\/shop\/593\/wp-json\/wp\/v2\/product_tag?post=300"}],"curies":[{"name":"wp","href":"https:\/\/api.w.org\/{rel}","templated":true}]}}