{"id":301,"date":"2025-12-03T16:42:46","date_gmt":"2025-12-03T15:42:46","guid":{"rendered":"https:\/\/actionmall.act.at\/shop\/593\/?post_type=product&#038;p=301"},"modified":"2025-12-06T19:18:09","modified_gmt":"2025-12-06T18:18:09","slug":"mybrand-faecher-10-stueck","status":"publish","type":"product","link":"https:\/\/actionmall.act.at\/shop\/593\/produkt\/mybrand-faecher-10-stueck\/","title":{"rendered":"MyBrand F\u00e4cher (10 St\u00fcck)"},"content":{"rendered":"<p><strong>ADART \u2013 10\u00d7 personalisierte F\u00e4cher<\/strong><\/p>\n<p>Sommer-Event, Messe oder Schulfest?<\/p>\n<p>Mit unseren <strong>10 individuell bedruckten Werbef\u00e4chern<\/strong> bekommst du ein auff\u00e4lliges, praktisches und stylisches Giveaway, das jeder gerne nutzt \u2013 besonders wenn\u2019s warm wird \ud83d\ude0e<\/p>\n<p><strong>Details:<\/strong><\/p>\n<p>10\u00d7 Werbef\u00e4cher mit deinem Logo \/ Wunschmotiv<\/p>\n<p>Hochwertige Verarbeitung<\/p>\n<p>Perfekt f\u00fcr Events, M\u00e4rkte, Aktionen, Vereine &#038; Projekte<\/p>\n<p>Cooler Look + praktische Funktion<\/p>\n<p>Mach Eindruck und bring frischen Wind in deine Werbung.<\/p>\n<p><strong>ADART \u2013 Werbung, die frisch bleibt.<\/strong><\/p>\n","protected":false},"excerpt":{"rendered":"<p>ADART \u2013 10\u00d7 personalisierte F\u00e4cher Sommer-Event, Messe oder Schulfest? Mit unseren 10 individuell bedruckten Werbef\u00e4chern bekommst du ein auff\u00e4lliges, praktisches und stylisches Giveaway, das jeder gerne nutzt \u2013 besonders wenn\u2019s warm wird \ud83d\ude0e Details: 10\u00d7 Werbef\u00e4cher mit deinem Logo \/ Wunschmotiv Hochwertige Verarbeitung Perfekt f\u00fcr Events, M\u00e4rkte, Aktionen, Vereine &#038; Projekte Cooler Look + praktische [&hellip;]<\/p>\n","protected":false},"featured_media":302,"template":"","meta":[],"product_cat":[],"product_tag":[],"class_list":{"0":"post-301","1":"product","2":"type-product","3":"status-publish","4":"has-post-thumbnail","7":"first","8":"instock","9":"taxable","10":"shipping-taxable","11":"purchasable","12":"product-type-simple"},"_links":{"self":[{"href":"https:\/\/actionmall.act.at\/shop\/593\/wp-json\/wp\/v2\/product\/301"}],"collection":[{"href":"https:\/\/actionmall.act.at\/shop\/593\/wp-json\/wp\/v2\/product"}],"about":[{"href":"https:\/\/actionmall.act.at\/shop\/593\/wp-json\/wp\/v2\/types\/product"}],"wp:featuredmedia":[{"embeddable":true,"href":"https:\/\/actionmall.act.at\/shop\/593\/wp-json\/wp\/v2\/media\/302"}],"wp:attachment":[{"href":"https:\/\/actionmall.act.at\/shop\/593\/wp-json\/wp\/v2\/media?parent=301"}],"wp:term":[{"taxonomy":"product_cat","embeddable":true,"href":"https:\/\/actionmall.act.at\/shop\/593\/wp-json\/wp\/v2\/product_cat?post=301"},{"taxonomy":"product_tag","embeddable":true,"href":"https:\/\/actionmall.act.at\/shop\/593\/wp-json\/wp\/v2\/product_tag?post=301"}],"curies":[{"name":"wp","href":"https:\/\/api.w.org\/{rel}","templated":true}]}}