{"id":329,"date":"2025-12-10T16:59:39","date_gmt":"2025-12-10T15:59:39","guid":{"rendered":"https:\/\/actionmall.act.at\/shop\/593\/?post_type=product&#038;p=329"},"modified":"2026-01-20T15:03:12","modified_gmt":"2026-01-20T14:03:12","slug":"mybrand-powerbank","status":"publish","type":"product","link":"https:\/\/actionmall.act.at\/shop\/593\/produkt\/mybrand-powerbank\/","title":{"rendered":"MyBrand Powerbank"},"content":{"rendered":"<p><strong>ADART \u2013 Muster: personalisierte Powerbank<\/strong><\/p>\n<p>Du willst erst sehen, wie dein Logo auf der Powerbank wirkt?<\/p>\n<p>Mit diesem <strong>einzelnen Muster<\/strong> kannst du Design, Qualit\u00e4t und Leistung testen, bevor du eine gr\u00f6\u00dfere Menge bestellst.<\/p>\n<p><strong>Details:<\/strong><\/p>\n<p>1\u00d7 Powerbank mit deinem Logo \/ Wunschmotiv<\/p>\n<p>Hochwertige Akkuleistung, kompakt &#038; handlich<\/p>\n<p>Praktisch f\u00fcr unterwegs, Events &#038; Give-aways<\/p>\n<p>Ideal zum Testen &#038; Pr\u00e4sentieren<\/p>\n<p>Perfekt f\u00fcr Messen, Firmenaktionen, Schule &#038; Merch.<\/p>\n<p><strong>ADART \u2013 Werbung, die aufl\u00e4dt.<\/strong><\/p>\n","protected":false},"excerpt":{"rendered":"<p>ADART \u2013 Muster: personalisierte Powerbank Du willst erst sehen, wie dein Logo auf der Powerbank wirkt? Mit diesem einzelnen Muster kannst du Design, Qualit\u00e4t und Leistung testen, bevor du eine gr\u00f6\u00dfere Menge bestellst. Details: 1\u00d7 Powerbank mit deinem Logo \/ Wunschmotiv Hochwertige Akkuleistung, kompakt &#038; handlich Praktisch f\u00fcr unterwegs, Events &#038; Give-aways Ideal zum Testen [&hellip;]<\/p>\n","protected":false},"featured_media":334,"template":"","meta":[],"product_cat":[],"product_tag":[],"class_list":{"0":"post-329","1":"product","2":"type-product","3":"status-publish","4":"has-post-thumbnail","7":"first","8":"instock","9":"taxable","10":"shipping-taxable","11":"purchasable","12":"product-type-simple"},"_links":{"self":[{"href":"https:\/\/actionmall.act.at\/shop\/593\/wp-json\/wp\/v2\/product\/329"}],"collection":[{"href":"https:\/\/actionmall.act.at\/shop\/593\/wp-json\/wp\/v2\/product"}],"about":[{"href":"https:\/\/actionmall.act.at\/shop\/593\/wp-json\/wp\/v2\/types\/product"}],"wp:featuredmedia":[{"embeddable":true,"href":"https:\/\/actionmall.act.at\/shop\/593\/wp-json\/wp\/v2\/media\/334"}],"wp:attachment":[{"href":"https:\/\/actionmall.act.at\/shop\/593\/wp-json\/wp\/v2\/media?parent=329"}],"wp:term":[{"taxonomy":"product_cat","embeddable":true,"href":"https:\/\/actionmall.act.at\/shop\/593\/wp-json\/wp\/v2\/product_cat?post=329"},{"taxonomy":"product_tag","embeddable":true,"href":"https:\/\/actionmall.act.at\/shop\/593\/wp-json\/wp\/v2\/product_tag?post=329"}],"curies":[{"name":"wp","href":"https:\/\/api.w.org\/{rel}","templated":true}]}}