{"id":297,"date":"2026-03-16T15:01:20","date_gmt":"2026-03-16T14:01:20","guid":{"rendered":"https:\/\/actionmall.act.at\/shop\/657\/?post_type=product&#038;p=297"},"modified":"2026-03-16T15:22:09","modified_gmt":"2026-03-16T14:22:09","slug":"figo-air-kn-grau","status":"publish","type":"product","link":"https:\/\/actionmall.act.at\/shop\/657\/produkt\/figo-air-kn-grau\/","title":{"rendered":"Figo Air KN Grau"},"content":{"rendered":"<p>\u00fcberzeugt mit modernem Design und hohem Sitzkomfort f\u00fcr den Arbeitsalltag. Atmungsaktive Materialien und klare Linien machen ihn zur idealen Wahl f\u00fcrs B\u00fcro.<\/p>\n","protected":false},"excerpt":{"rendered":"<p>\u00fcberzeugt mit modernem Design und hohem Sitzkomfort f\u00fcr den Arbeitsalltag. Atmungsaktive Materialien und klare Linien machen ihn zur idealen Wahl f\u00fcrs B\u00fcro.<\/p>\n","protected":false},"featured_media":298,"template":"","meta":[],"product_cat":[47],"product_tag":[],"class_list":{"0":"post-297","1":"product","2":"type-product","3":"status-publish","4":"has-post-thumbnail","6":"product_cat-buero-und-bueroeinrichtung","8":"first","9":"instock","10":"taxable","11":"shipping-taxable","12":"purchasable","13":"product-type-simple"},"_links":{"self":[{"href":"https:\/\/actionmall.act.at\/shop\/657\/wp-json\/wp\/v2\/product\/297"}],"collection":[{"href":"https:\/\/actionmall.act.at\/shop\/657\/wp-json\/wp\/v2\/product"}],"about":[{"href":"https:\/\/actionmall.act.at\/shop\/657\/wp-json\/wp\/v2\/types\/product"}],"wp:featuredmedia":[{"embeddable":true,"href":"https:\/\/actionmall.act.at\/shop\/657\/wp-json\/wp\/v2\/media\/298"}],"wp:attachment":[{"href":"https:\/\/actionmall.act.at\/shop\/657\/wp-json\/wp\/v2\/media?parent=297"}],"wp:term":[{"taxonomy":"product_cat","embeddable":true,"href":"https:\/\/actionmall.act.at\/shop\/657\/wp-json\/wp\/v2\/product_cat?post=297"},{"taxonomy":"product_tag","embeddable":true,"href":"https:\/\/actionmall.act.at\/shop\/657\/wp-json\/wp\/v2\/product_tag?post=297"}],"curies":[{"name":"wp","href":"https:\/\/api.w.org\/{rel}","templated":true}]}}