{"id":311,"date":"2026-03-16T15:14:12","date_gmt":"2026-03-16T14:14:12","guid":{"rendered":"https:\/\/actionmall.act.at\/shop\/657\/?post_type=product&#038;p=311"},"modified":"2026-03-16T15:19:35","modified_gmt":"2026-03-16T14:19:35","slug":"high-quality-business-set","status":"publish","type":"product","link":"https:\/\/actionmall.act.at\/shop\/657\/produkt\/high-quality-business-set\/","title":{"rendered":"High-Quality-Business Set"},"content":{"rendered":"<p>Premium-Design trifft auf erstklassige Funktionalit\u00e4t \u2013 das High-Quality-Business Set macht jeden Arbeitstag effizient, stilvoll und stressfrei. Optimiert f\u00fcr Profis, die Wert auf Qualit\u00e4t, Komfort und maximale Produktivit\u00e4t legen.<\/p>\n","protected":false},"excerpt":{"rendered":"<p>Premium-Design trifft auf erstklassige Funktionalit\u00e4t \u2013 das High-Quality-Business Set macht jeden Arbeitstag effizient, stilvoll und stressfrei. Optimiert f\u00fcr Profis, die Wert auf Qualit\u00e4t, Komfort und maximale Produktivit\u00e4t legen.<\/p>\n","protected":false},"featured_media":313,"template":"","meta":[],"product_cat":[47],"product_tag":[],"class_list":{"0":"post-311","1":"product","2":"type-product","3":"status-publish","4":"has-post-thumbnail","6":"product_cat-buero-und-bueroeinrichtung","8":"first","9":"instock","10":"taxable","11":"shipping-taxable","12":"purchasable","13":"product-type-simple"},"_links":{"self":[{"href":"https:\/\/actionmall.act.at\/shop\/657\/wp-json\/wp\/v2\/product\/311"}],"collection":[{"href":"https:\/\/actionmall.act.at\/shop\/657\/wp-json\/wp\/v2\/product"}],"about":[{"href":"https:\/\/actionmall.act.at\/shop\/657\/wp-json\/wp\/v2\/types\/product"}],"wp:featuredmedia":[{"embeddable":true,"href":"https:\/\/actionmall.act.at\/shop\/657\/wp-json\/wp\/v2\/media\/313"}],"wp:attachment":[{"href":"https:\/\/actionmall.act.at\/shop\/657\/wp-json\/wp\/v2\/media?parent=311"}],"wp:term":[{"taxonomy":"product_cat","embeddable":true,"href":"https:\/\/actionmall.act.at\/shop\/657\/wp-json\/wp\/v2\/product_cat?post=311"},{"taxonomy":"product_tag","embeddable":true,"href":"https:\/\/actionmall.act.at\/shop\/657\/wp-json\/wp\/v2\/product_tag?post=311"}],"curies":[{"name":"wp","href":"https:\/\/api.w.org\/{rel}","templated":true}]}}