{"id":321,"date":"2026-03-16T15:22:48","date_gmt":"2026-03-16T14:22:48","guid":{"rendered":"https:\/\/actionmall.act.at\/shop\/657\/?post_type=product&#038;p=321"},"modified":"2026-03-16T15:23:50","modified_gmt":"2026-03-16T14:23:50","slug":"loeffler-panamero","status":"publish","type":"product","link":"https:\/\/actionmall.act.at\/shop\/657\/produkt\/loeffler-panamero\/","title":{"rendered":"L\u00f6ffler Panamero"},"content":{"rendered":"<p>Sitzkomfort pur auch f\u00fcr lange B\u00fcrotage bietet der B\u00fcrostuhl PANAMERO von L\u00d6FFLER. Die durchdachte Ausstattung macht ihn zum Lieblingsplatz im B\u00fcro oder Homeoffice.<\/p>\n","protected":false},"excerpt":{"rendered":"<p>Sitzkomfort pur auch f\u00fcr lange B\u00fcrotage bietet der B\u00fcrostuhl PANAMERO von L\u00d6FFLER. Die durchdachte Ausstattung macht ihn zum Lieblingsplatz im B\u00fcro oder Homeoffice.<\/p>\n","protected":false},"featured_media":324,"template":"","meta":[],"product_cat":[47],"product_tag":[],"class_list":{"0":"post-321","1":"product","2":"type-product","3":"status-publish","4":"has-post-thumbnail","6":"product_cat-buero-und-bueroeinrichtung","8":"first","9":"instock","10":"taxable","11":"shipping-taxable","12":"purchasable","13":"product-type-simple"},"_links":{"self":[{"href":"https:\/\/actionmall.act.at\/shop\/657\/wp-json\/wp\/v2\/product\/321"}],"collection":[{"href":"https:\/\/actionmall.act.at\/shop\/657\/wp-json\/wp\/v2\/product"}],"about":[{"href":"https:\/\/actionmall.act.at\/shop\/657\/wp-json\/wp\/v2\/types\/product"}],"wp:featuredmedia":[{"embeddable":true,"href":"https:\/\/actionmall.act.at\/shop\/657\/wp-json\/wp\/v2\/media\/324"}],"wp:attachment":[{"href":"https:\/\/actionmall.act.at\/shop\/657\/wp-json\/wp\/v2\/media?parent=321"}],"wp:term":[{"taxonomy":"product_cat","embeddable":true,"href":"https:\/\/actionmall.act.at\/shop\/657\/wp-json\/wp\/v2\/product_cat?post=321"},{"taxonomy":"product_tag","embeddable":true,"href":"https:\/\/actionmall.act.at\/shop\/657\/wp-json\/wp\/v2\/product_tag?post=321"}],"curies":[{"name":"wp","href":"https:\/\/api.w.org\/{rel}","templated":true}]}}