{"id":353,"date":"2026-03-16T15:47:15","date_gmt":"2026-03-16T14:47:15","guid":{"rendered":"https:\/\/actionmall.act.at\/shop\/657\/?post_type=product&#038;p=353"},"modified":"2026-03-16T15:47:27","modified_gmt":"2026-03-16T14:47:27","slug":"ergo-monitorhalterung","status":"publish","type":"product","link":"https:\/\/actionmall.act.at\/shop\/657\/produkt\/ergo-monitorhalterung\/","title":{"rendered":"Ergo Monitorhalterung"},"content":{"rendered":"<p>Erleben Sie die Nachhaltigkeit am Arbeitsplatz mit unserer Monitorhalterung aus umweltfreundlichem Polylactid-Material \u2013 die perfekte Kombination aus Funktionalit\u00e4t und Umweltbewusstsein f\u00fcr einen gr\u00fcnen B\u00fcroalltag!<\/p>\n","protected":false},"excerpt":{"rendered":"<p>Erleben Sie die Nachhaltigkeit am Arbeitsplatz mit unserer Monitorhalterung aus umweltfreundlichem Polylactid-Material \u2013 die perfekte Kombination aus Funktionalit\u00e4t und Umweltbewusstsein f\u00fcr einen gr\u00fcnen B\u00fcroalltag!<\/p>\n","protected":false},"featured_media":354,"template":"","meta":[],"product_cat":[47],"product_tag":[],"class_list":{"0":"post-353","1":"product","2":"type-product","3":"status-publish","4":"has-post-thumbnail","6":"product_cat-buero-und-bueroeinrichtung","8":"first","9":"instock","10":"taxable","11":"shipping-taxable","12":"purchasable","13":"product-type-simple"},"_links":{"self":[{"href":"https:\/\/actionmall.act.at\/shop\/657\/wp-json\/wp\/v2\/product\/353"}],"collection":[{"href":"https:\/\/actionmall.act.at\/shop\/657\/wp-json\/wp\/v2\/product"}],"about":[{"href":"https:\/\/actionmall.act.at\/shop\/657\/wp-json\/wp\/v2\/types\/product"}],"wp:featuredmedia":[{"embeddable":true,"href":"https:\/\/actionmall.act.at\/shop\/657\/wp-json\/wp\/v2\/media\/354"}],"wp:attachment":[{"href":"https:\/\/actionmall.act.at\/shop\/657\/wp-json\/wp\/v2\/media?parent=353"}],"wp:term":[{"taxonomy":"product_cat","embeddable":true,"href":"https:\/\/actionmall.act.at\/shop\/657\/wp-json\/wp\/v2\/product_cat?post=353"},{"taxonomy":"product_tag","embeddable":true,"href":"https:\/\/actionmall.act.at\/shop\/657\/wp-json\/wp\/v2\/product_tag?post=353"}],"curies":[{"name":"wp","href":"https:\/\/api.w.org\/{rel}","templated":true}]}}