{"id":729,"date":"2025-03-10T14:42:50","date_gmt":"2025-03-10T13:42:50","guid":{"rendered":"https:\/\/actionmall.act.at\/shop\/663\/?post_type=product&#038;p=729"},"modified":"2026-03-16T11:11:37","modified_gmt":"2026-03-16T10:11:37","slug":"bio-rinderlunge-500g","status":"publish","type":"product","link":"https:\/\/actionmall.act.at\/shop\/663\/produkt\/bio-rinderlunge-500g\/","title":{"rendered":"BIO Rinderlunge, 500g"},"content":{"rendered":"<p>Die magere Delikatesse. Sehr zartes Fleisch und die ideale Erg\u00e4nzung f\u00fcr die nicht mehr allerj\u00fcngsten Hunde. Nat\u00fcrlich in Johnnies bew\u00e4hrter Bio-Premium-Qualit\u00e4t.<\/p>\n<p>Johnnies <strong>BIO-Rinderlunge<\/strong> stellt wohl den Kau-Snack der Oberklasse dar. Hervorragend geeignet f\u00fcr Hunde, die schon einiges erlebt haben und wissen, was sie wollen. Die BIO-Rinderlunge vom Bio-Rind ist ein wertvolles Nebenprodukt, welches durch seine besondere Zartheit besticht. Das Fleisch ist sehr weich, leicht vertr\u00e4glich und bietet dadurch die ideale, vollwertige Nebenmahlzeit f\u00fcr Ihren Liebling. Johnnies BIO-Rinderlunge ist die optimale Delikatesse f\u00fcr Hunde, welche nicht mehr die allerj\u00fcngsten sind und Genuss zu sch\u00e4tzen wissen.<\/p>\n<p>Inhaltsstoffe: Rohprotein 80 %, Rohfett 8 %, Rohasche 5 %, Feuchtigkeit 7 %.<\/p>\n<p>The lean delicacy. Very tender meat and the ideal supplement for dogs who are no longer the youngest. Natural in Johnnie&#8217;s proven organic premium quality.<\/p>\n<p>Product information:<\/p>\n<p>Johnnie&#8217;s ORGANIC beef lung is probably the top-class chewing snack. Excellent for dogs who have already experienced a lot and know what they want. The BIO-Beef lung from organic beef is a valuable by-product that impresses with its special tenderness. The meat is very soft, easy to digest and therefore offers the ideal, wholesome side meal for your pet. Johnnie&#8217;s BIO Beef lung is the optimal delicacy for dogs who are no longer the youngest and appreciate enjoyment.<\/p>\n<p>Ingredients: Crude protein 80%, crude fat 8%, crude ash 5%, moisture 7%.<\/p>\n","protected":false},"excerpt":{"rendered":"<p>Die magere Delikatesse. Sehr zartes Fleisch und die ideale Erg\u00e4nzung f\u00fcr die nicht mehr allerj\u00fcngsten Hunde. Nat\u00fcrlich in Johnnies bew\u00e4hrter Bio-Premium-Qualit\u00e4t. Johnnies BIO-Rinderlunge stellt wohl den Kau-Snack der Oberklasse dar. Hervorragend geeignet f\u00fcr Hunde, die schon einiges erlebt haben und wissen, was sie wollen. Die BIO-Rinderlunge vom Bio-Rind ist ein wertvolles Nebenprodukt, welches durch seine [&hellip;]<\/p>\n","protected":false},"featured_media":738,"template":"","meta":[],"product_cat":[34],"product_tag":[],"class_list":{"0":"post-729","1":"product","2":"type-product","3":"status-publish","4":"has-post-thumbnail","6":"product_cat-autos-und-fahrzeuge","8":"first","9":"instock","10":"taxable","11":"shipping-taxable","12":"purchasable","13":"product-type-simple"},"_links":{"self":[{"href":"https:\/\/actionmall.act.at\/shop\/663\/wp-json\/wp\/v2\/product\/729"}],"collection":[{"href":"https:\/\/actionmall.act.at\/shop\/663\/wp-json\/wp\/v2\/product"}],"about":[{"href":"https:\/\/actionmall.act.at\/shop\/663\/wp-json\/wp\/v2\/types\/product"}],"wp:featuredmedia":[{"embeddable":true,"href":"https:\/\/actionmall.act.at\/shop\/663\/wp-json\/wp\/v2\/media\/738"}],"wp:attachment":[{"href":"https:\/\/actionmall.act.at\/shop\/663\/wp-json\/wp\/v2\/media?parent=729"}],"wp:term":[{"taxonomy":"product_cat","embeddable":true,"href":"https:\/\/actionmall.act.at\/shop\/663\/wp-json\/wp\/v2\/product_cat?post=729"},{"taxonomy":"product_tag","embeddable":true,"href":"https:\/\/actionmall.act.at\/shop\/663\/wp-json\/wp\/v2\/product_tag?post=729"}],"curies":[{"name":"wp","href":"https:\/\/api.w.org\/{rel}","templated":true}]}}