{"id":336,"date":"2026-04-07T11:59:22","date_gmt":"2026-04-07T09:59:22","guid":{"rendered":"https:\/\/actionmall.act.at\/shop\/679\/?post_type=product&#038;p=336"},"modified":"2026-04-07T12:15:42","modified_gmt":"2026-04-07T10:15:42","slug":"backkurs","status":"publish","type":"product","link":"https:\/\/actionmall.act.at\/shop\/679\/produkt\/backkurs\/","title":{"rendered":"Backkurs"},"content":{"rendered":"<p><u>Unternehmen:<\/u> Fit Impact GmbH<\/p>\n<p><u>Abteilung:<\/u> Skills Academy<\/p>\n<p><u>Produktname: <\/u><em>Gesunder Live-Backkurs via Zoom<\/em><\/p>\n<p><u>\u00a0<\/u><u>Beschreibung: <\/u>Der gesunde Live-Backkurs der Skills Academy bietet TeilnehmerInnen die M\u00f6glichkeit, bequem von zu Hause aus gesunde Backrezepte zu erlernen. Der Kurs findet online \u00dcber Zoom statt und erm\u00f6glicht ein interaktives Backerlebnis in Echtzeit.<\/p>\n<p>Einmal pro Woche backen die TeilnehmerInnen gemeinsam Schritt f\u00fcr Schritt unter Anleitung und dabei k\u00f6nnen dabei direkt Fragen stellen. Zus\u00e4tzlich erhalten sie wertvolle Tipps zu ges\u00fcndere Zutaten sowie Rezepte im PDF-Format.<\/p>\n<p><u>Kursdetails:<\/u><\/p>\n<p>Wann? \u2013 jeden Donnerstag von 17:00 bis 18:00 Uhr<\/p>\n<p>Wo? \u2013 Online via Zoom<\/p>\n<p>Teilnahme? \u2013 flexibel von \u00fcberall auf der Welt<\/p>\n<p>Preis? \u2013 24,90 \u20ac inkl. USt. pro Monat<\/p>\n<p><u>Zahlung: <\/u>im Voraus per \u00dcberweisung, sp\u00e4testens 5 Tage vor Kursbeginn. Das Abonnement ist monatlich k\u00fcndbar; R\u00fcckerstattung bei kurzfristiger Stornierung ist ausgeschlossen<\/p>\n<p>&nbsp;<\/p>\n","protected":false},"excerpt":{"rendered":"<p>Jede Woche ein neues Back-Rezept!<\/p>\n","protected":false},"featured_media":360,"template":"","meta":[],"product_cat":[43,44],"product_tag":[],"class_list":{"0":"post-336","1":"product","2":"type-product","3":"status-publish","4":"has-post-thumbnail","6":"product_cat-unterhaltung-freizeit-und-kultur","7":"product_cat-essen-und-trinken","9":"first","10":"instock","11":"taxable","12":"shipping-taxable","13":"purchasable","14":"product-type-simple"},"_links":{"self":[{"href":"https:\/\/actionmall.act.at\/shop\/679\/wp-json\/wp\/v2\/product\/336"}],"collection":[{"href":"https:\/\/actionmall.act.at\/shop\/679\/wp-json\/wp\/v2\/product"}],"about":[{"href":"https:\/\/actionmall.act.at\/shop\/679\/wp-json\/wp\/v2\/types\/product"}],"wp:featuredmedia":[{"embeddable":true,"href":"https:\/\/actionmall.act.at\/shop\/679\/wp-json\/wp\/v2\/media\/360"}],"wp:attachment":[{"href":"https:\/\/actionmall.act.at\/shop\/679\/wp-json\/wp\/v2\/media?parent=336"}],"wp:term":[{"taxonomy":"product_cat","embeddable":true,"href":"https:\/\/actionmall.act.at\/shop\/679\/wp-json\/wp\/v2\/product_cat?post=336"},{"taxonomy":"product_tag","embeddable":true,"href":"https:\/\/actionmall.act.at\/shop\/679\/wp-json\/wp\/v2\/product_tag?post=336"}],"curies":[{"name":"wp","href":"https:\/\/api.w.org\/{rel}","templated":true}]}}