{"id":462,"date":"2026-05-12T12:25:57","date_gmt":"2026-05-12T10:25:57","guid":{"rendered":"https:\/\/actionmall.act.at\/shop\/679\/?post_type=product&#038;p=462"},"modified":"2026-05-12T12:25:57","modified_gmt":"2026-05-12T10:25:57","slug":"persoehnlicher-wandercoach-fuer-familien","status":"publish","type":"product","link":"https:\/\/actionmall.act.at\/shop\/679\/produkt\/persoehnlicher-wandercoach-fuer-familien\/","title":{"rendered":"Pers\u00f6hnlicher Wandercoach f\u00fcr Familien"},"content":{"rendered":"<p data-start=\"0\" data-end=\"49\"><strong data-start=\"0\" data-end=\"47\">\ud83c\udf3f Gemeinsam wandern. Gemeinsam erleben. \ud83c\udf3f<\/strong><\/p>\n<p data-start=\"51\" data-end=\"368\">Mit dem <strong data-start=\"59\" data-end=\"100\">pers\u00f6nlichen Wandercoach f\u00fcr Familien<\/strong> von <strong data-start=\"105\" data-end=\"176\"><a class=\"decorated-link cursor-pointer\" target=\"_new\" rel=\"noopener\" data-start=\"107\" data-end=\"174\">Fit Impact GmbH<\/a><\/strong> wird euer Ausflug auf die Gerlitze zu einem unvergesslichen Erlebnis! Ob mit Kindern, Gro\u00dfeltern, Tanten, Onkeln oder Freunden \u2013 erlebt gemeinsam Natur, Bewegung und wertvolle Familienzeit.<\/p>\n<p data-start=\"370\" data-end=\"597\">\u2728 <strong data-start=\"372\" data-end=\"421\">6 Stunden pers\u00f6nlicher Wandercoach in Pr\u00e4senz<\/strong><br data-start=\"421\" data-end=\"424\" \/>\u2728 Individuell abgestimmte Familienwanderung auf der Gerlitze<br data-start=\"484\" data-end=\"487\" \/>\u2728 Begleitung durch <strong data-start=\"506\" data-end=\"530\" data-is-only-node=\"\">Katherine Pfingstner<\/strong> \u2013 ausgebildete Wandercoach mit Wissen in Psychologie &#038; P\u00e4dagogik<\/p>\n<p data-start=\"599\" data-end=\"784\">\ud83d\udc9a <strong data-start=\"602\" data-end=\"642\">Nur \u20ac 120,00 inkl. 20 % Umsatzsteuer<\/strong> f\u00fcr den gesamten Tagescoach!<br data-start=\"671\" data-end=\"674\" \/>\ud83c\udf89 <strong data-start=\"677\" data-end=\"703\">10 % Einf\u00fchrungsrabatt<\/strong> bei Buchung bis <strong data-start=\"720\" data-end=\"737\" data-is-only-node=\"\">Ende Mai 2026<\/strong><br data-start=\"737\" data-end=\"740\" \/>\ud83d\udcc5 Angebot g\u00fcltig bis <strong data-start=\"762\" data-end=\"782\">Ende August 2026<\/strong><\/p>\n<p data-start=\"786\" data-end=\"889\" data-is-last-node=\"\" data-is-only-node=\"\"><strong data-start=\"786\" data-end=\"889\" data-is-last-node=\"\">Natur erleben, Erinnerungen schaffen und gemeinsam aktiv sein \u2013 mit eurem pers\u00f6nlichen Wandercoach!<img loading=\"lazy\" decoding=\"async\" class=\"alignnone size-medium wp-image-468\" src=\"https:\/\/actionmall.act.at\/shop\/679\/wp-content\/uploads\/2026\/05\/Screenshot-2026-05-12-122033-216x300.png\" alt=\"\" width=\"216\" height=\"300\" srcset=\"https:\/\/actionmall.act.at\/shop\/679\/wp-content\/uploads\/2026\/05\/Screenshot-2026-05-12-122033-216x300.png 216w, https:\/\/actionmall.act.at\/shop\/679\/wp-content\/uploads\/2026\/05\/Screenshot-2026-05-12-122033-416x578.png 416w, https:\/\/actionmall.act.at\/shop\/679\/wp-content\/uploads\/2026\/05\/Screenshot-2026-05-12-122033.png 579w\" sizes=\"(max-width: 216px) 100vw, 216px\" \/><\/strong><\/p>\n","protected":false},"excerpt":{"rendered":"<p>\ud83c\udf3f Gemeinsam wandern. Gemeinsam erleben. \ud83c\udf3f Mit dem pers\u00f6nlichen Wandercoach f\u00fcr Familien von Fit Impact GmbH wird euer Ausflug auf die Gerlitze zu einem unvergesslichen Erlebnis! Ob mit Kindern, Gro\u00dfeltern, Tanten, Onkeln oder Freunden \u2013 erlebt gemeinsam Natur, Bewegung und wertvolle Familienzeit. \u2728 6 Stunden pers\u00f6nlicher Wandercoach in Pr\u00e4senz\u2728 Individuell abgestimmte Familienwanderung auf der Gerlitze\u2728 [&hellip;]<\/p>\n","protected":false},"featured_media":472,"template":"","meta":[],"product_cat":[43,45,63],"product_tag":[],"class_list":{"0":"post-462","1":"product","2":"type-product","3":"status-publish","4":"has-post-thumbnail","6":"product_cat-unterhaltung-freizeit-und-kultur","7":"product_cat-sport-veranstaltungen-hobbies","8":"product_cat-tourismus-und-reisen","10":"first","11":"instock","12":"sale","13":"taxable","14":"shipping-taxable","15":"purchasable","16":"product-type-simple"},"_links":{"self":[{"href":"https:\/\/actionmall.act.at\/shop\/679\/wp-json\/wp\/v2\/product\/462"}],"collection":[{"href":"https:\/\/actionmall.act.at\/shop\/679\/wp-json\/wp\/v2\/product"}],"about":[{"href":"https:\/\/actionmall.act.at\/shop\/679\/wp-json\/wp\/v2\/types\/product"}],"wp:featuredmedia":[{"embeddable":true,"href":"https:\/\/actionmall.act.at\/shop\/679\/wp-json\/wp\/v2\/media\/472"}],"wp:attachment":[{"href":"https:\/\/actionmall.act.at\/shop\/679\/wp-json\/wp\/v2\/media?parent=462"}],"wp:term":[{"taxonomy":"product_cat","embeddable":true,"href":"https:\/\/actionmall.act.at\/shop\/679\/wp-json\/wp\/v2\/product_cat?post=462"},{"taxonomy":"product_tag","embeddable":true,"href":"https:\/\/actionmall.act.at\/shop\/679\/wp-json\/wp\/v2\/product_tag?post=462"}],"curies":[{"name":"wp","href":"https:\/\/api.w.org\/{rel}","templated":true}]}}