{"id":266,"date":"2026-05-12T15:51:32","date_gmt":"2026-05-12T13:51:32","guid":{"rendered":"https:\/\/actionmall.act.at\/shop\/69\/?post_type=product&#038;p=266"},"modified":"2026-05-12T15:51:32","modified_gmt":"2026-05-12T13:51:32","slug":"apple-pencil-2-generation","status":"publish","type":"product","link":"https:\/\/actionmall.act.at\/shop\/69\/produkt\/apple-pencil-2-generation\/","title":{"rendered":"Apple Pencil (2. Generation)"},"content":{"rendered":"<p>Der Apple Pencil kommt mit pixelgenauer Pr\u00e4zision, Neigungs\u2011 und Drucksensitivit\u00e4t sowie Unterst\u00fctzung f\u00fcr zweimaliges Tippen, um schnell zwischen Tools zu wechseln. Damit kannst du besser als je zuvor malen, skizzieren und dir Notizen machen. H\u00e4lt magnetisch und l\u00e4dt kabellos.<\/p>\n<p>&nbsp;<\/p>\n<div class=\"metafieldLabel collapseTheTd2\"><strong>iPad-Kompatibilit\u00e4t<\/strong><\/div>\n<div class=\"collapseTheTd2 overviewVal\">iPad mini (A17 Pro)<br \/>\niPad Pro 13\u201c (M5)<br \/>\niPad Pro 13\u201d (M4)<br \/>\niPad Pro 11\u201c (M5)<br \/>\niPad Pro 11\u201d (M4)<br \/>\niPad Air 13\u201d (M3)<br \/>\niPad Air 13\u201d (M4)<br \/>\niPad Air 11\u201d (M4)<br \/>\niPad Air 11\u201d (M3)<br \/>\niPad Air 11\u201d (M2)<br \/>\niPad Air 13\u201d (M2)<\/div>\n<div><\/div>\n<div>\n<div class=\"metafieldLabel collapseTheTd2\"><strong>Hersteller<\/strong><\/div>\n<div class=\"collapseTheTd2 overviewVal\"><span class=\"metafield-multi_line_text_field\">Apple Inc. One Apple Park Way, Cupertino, CA 95014, USA apple.com contactus.at@euro.apple.com<\/span><\/div>\n<\/div>\n","protected":false},"excerpt":{"rendered":"<p>Der Apple Pencil kommt mit pixelgenauer Pr\u00e4zision, Neigungs\u2011 und Drucksensitivit\u00e4t sowie Unterst\u00fctzung f\u00fcr zweimaliges Tippen, um schnell zwischen Tools zu wechseln. Damit kannst du besser als je zuvor malen, skizzieren und dir Notizen machen. H\u00e4lt magnetisch und l\u00e4dt kabellos.<\/p>\n","protected":false},"featured_media":267,"template":"","meta":[],"product_cat":[58],"product_tag":[],"class_list":{"0":"post-266","1":"product","2":"type-product","3":"status-publish","4":"has-post-thumbnail","6":"product_cat-it-und-elektronik","8":"first","9":"instock","10":"sale","11":"taxable","12":"shipping-taxable","13":"purchasable","14":"product-type-simple"},"_links":{"self":[{"href":"https:\/\/actionmall.act.at\/shop\/69\/wp-json\/wp\/v2\/product\/266"}],"collection":[{"href":"https:\/\/actionmall.act.at\/shop\/69\/wp-json\/wp\/v2\/product"}],"about":[{"href":"https:\/\/actionmall.act.at\/shop\/69\/wp-json\/wp\/v2\/types\/product"}],"wp:featuredmedia":[{"embeddable":true,"href":"https:\/\/actionmall.act.at\/shop\/69\/wp-json\/wp\/v2\/media\/267"}],"wp:attachment":[{"href":"https:\/\/actionmall.act.at\/shop\/69\/wp-json\/wp\/v2\/media?parent=266"}],"wp:term":[{"taxonomy":"product_cat","embeddable":true,"href":"https:\/\/actionmall.act.at\/shop\/69\/wp-json\/wp\/v2\/product_cat?post=266"},{"taxonomy":"product_tag","embeddable":true,"href":"https:\/\/actionmall.act.at\/shop\/69\/wp-json\/wp\/v2\/product_tag?post=266"}],"curies":[{"name":"wp","href":"https:\/\/api.w.org\/{rel}","templated":true}]}}