{"id":284,"date":"2026-05-12T16:42:42","date_gmt":"2026-05-12T14:42:42","guid":{"rendered":"https:\/\/actionmall.act.at\/shop\/69\/?post_type=product&#038;p=284"},"modified":"2026-05-12T16:47:05","modified_gmt":"2026-05-12T14:47:05","slug":"apple-imac-24-512-ssd-speicher-8gb","status":"publish","type":"product","link":"https:\/\/actionmall.act.at\/shop\/69\/produkt\/apple-imac-24-512-ssd-speicher-8gb\/","title":{"rendered":"APPLE IMAC 24&#8243;, 512 SSD Speicher, 8GB"},"content":{"rendered":"<h3 class=\"sc-59b6826e-0 ixvBRV\">Sag hallo zum neuen iMac.<\/h3>\n<h3 class=\"sc-59b6826e-0 ixvBRV\">Inspiriert vom Besten von Apple. Komplett verwandelt durch den M1 Chip. Er f\u00e4llt in jedem Raum auf. Und passt perfekt in dein Leben.<\/h3>\n<h3 class=\"sc-59b6826e-0 ixvBRV\">11.5 mm ist sehr, sehr d\u00fcnn.<\/h3>\n<p>Dieses einzigartige Design ist nur m\u00f6glich durch M1, das erste System auf einem Chip f\u00fcr den Mac. Es macht den iMac so d\u00fcnn und kompakt, dass er an mehr Orte passt als je zuvor.<\/p>\n<p>M1 integriert Prozessor, Grafik, Arbeits\u00adspeicher und mehr auf nur einem Chip. Damit konnten wir einen ganzen Computer auf so kleinem Raum unterbringen, dass er praktisch verschwindet.<\/p>\n<h3 class=\"sc-59b6826e-0 ixvBRV\">Ein gro\u00dfer Moment besteht aus vielen Details.<\/h3>\n<p>Auf dem faszinierenden 24&#8243; 4.5K Retina Display siehst du alles in klaren, fantastischen Details. Der gro\u00dfe P3 Farbraum nutzt \u00fcber eine Milliarde Farben, um das, was du siehst, lebendig zu machen. Bilder strahlen mit brillanten 500 Nits Helligkeit. Branchenf\u00fchrende Antireflex-Beschichtung sorgt f\u00fcr angenehmeres Sehen und eine bessere Lesbarkeit. Und f\u00fcr ein nat\u00fcrlicheres Seherlebnis passt True Tone Technologie automatisch die Farbtemperatur deines Displays an das Umgebungslicht an. Ob du Fotos bearbeitest, Pr\u00e4sentationen schreibst oder dir deine Serien und Filme anschaust \u2013 auf dem iMac sieht alles fantastisch aus.<\/p>\n<h3 class=\"sc-59b6826e-0 ixvBRV\">1080p FaceTime HD Kamera.<\/h3>\n<p>Noch nie gab es ein besseres Kamerasystem in einem Mac. Es hat die doppelte Aufl\u00f6sung, f\u00fcr Videoanrufe in h\u00f6herer Qualit\u00e4t. Einen gr\u00f6\u00dferen Sensor, der mehr Licht einf\u00e4ngt. Und den fortschrittlichen Bildsignalprozessor (ISP) des M1, der die Bildqualit\u00e4t deutlich erh\u00f6ht. Damit siehst du immer gut aus \u2013 ob im Videocall f\u00fcr die Arbeit oder wenn du online mit Freund:innen oder deiner Familie verabredet bist.<\/p>\n<h3 class=\"sc-59b6826e-0 ixvBRV\">Mikrofone in Studioqualit\u00e4t.<\/h3>\n<p>Ob du in einem Videoanruf mit Freund:innen bist, einen Song einspielst oder einen Podcast aufnimmst, die Mikrofone im iMac sorgen daf\u00fcr, dass du laut, klar und deutlich zu h\u00f6ren bist. Damit der Gespr\u00e4chsfluss nat\u00fcrlicher ist und ihr euch seltener unterbrecht, gibt es den Ring aus drei Mikrofonen in Studioqualit\u00e4t, der R\u00fcckkopplungen reduziert. Und Beamforming hilft den Mikros dabei, Hintergrundger\u00e4usche zu unterdr\u00fccken. Das hei\u00dft, alle k\u00f6nnen dich h\u00f6ren \u2013 aber nicht das, was um dich herum passiert.<\/p>\n<h3 class=\"sc-59b6826e-0 ixvBRV\">Audiosystem mit sechs Laut\u00adsprechern.<\/h3>\n<p>Das Audiosystem im iMac sorgt in jedem Zimmer f\u00fcr unglaublichen, raumf\u00fcllenden Klang. Zwei Paar Tieft\u00f6ner mit Kr\u00e4fteausgleich erzeugen satten, tiefen Bass ohne unerw\u00fcnschte Vibrationen. Und jedes Paar wird durch einen High-Performance Hocht\u00f6ner balanciert. Das Ergebnis ist ein volumin\u00f6ser, detaillierter Raumklang, der deine Filme, Musik und mehr noch viel besser macht.<\/p>\n<p>Mit den neu entwickelten Laut\u00adsprechern und fortschrittlichen Algorithmen unterst\u00fctzt der iMac jetzt 3D Audio bei der Wiedergabe von Videos mit Dolby Atmos. Und wenn du das noch mit dem 4.5K Retina Display kombinierst, hast du praktisch dein eigenes Kino zu Hause.<\/p>\n<h3 class=\"sc-59b6826e-0 ixvBRV\">M1 und Big Sur.<\/h3>\n<p>Der M1 ist der leistungs\u00adst\u00e4rkste Chip, den wir jemals produziert haben \u2013 und macOS Big Sur das fort\u00adschrittlichste Computer-Betriebs\u00adsystem der Welt. Zusammen bringen sie den iMac bei Performance, Effizienz und Sicherheit auf ein neues Level. Er wacht praktisch sofort aus dem Ruhezustand auf, startet Apps blitzschnell und das ganze System f\u00fchlt sich fl\u00fcssig, nahtlos und reaktionsschnell an. Mit bis zu 85 % schnellerer CPU Leistung und bis zu 2x schnellerer Grafik\u00adleistung als bei 21,5&#8243; iMac Standardmodellen kannst du Apps wie Xcode und Affinity Photo nutzen, um Code in einem Bruchteil der Zeit zu kompilieren oder Fotos in Echtzeit zu bearbeiten. Und er l\u00e4uft k\u00fchl und leise, auch wenn er solche rechenintensiven Aufgaben erledigt. Das ist der Vorteil, wenn Hardware, Software und Chip zusammen entwickelt werden.<\/p>\n","protected":false},"excerpt":{"rendered":"<p>8\u00a0GB gemeinsamer Arbeitsspeicher<\/p>\n<p>Zwei Thunderbolt\u00a0\/ USB\u00a04 Anschl\u00fcsse<\/p>\n<p>Zwei USB\u00a03 Anschl\u00fcsse<\/p>\n<p>Gigabit Ethernet<\/p>\n<p>Magic\u00a0Mouse<\/p>\n<p>Magic\u00a0Keyboard mit Touch\u00a0ID \u2013 Deutsch<\/p>\n","protected":false},"featured_media":285,"template":"","meta":[],"product_cat":[34,58],"product_tag":[],"class_list":{"0":"post-284","1":"product","2":"type-product","3":"status-publish","4":"has-post-thumbnail","6":"product_cat-autos-und-fahrzeuge","7":"product_cat-it-und-elektronik","9":"first","10":"instock","11":"sale","12":"taxable","13":"shipping-taxable","14":"purchasable","15":"product-type-simple"},"_links":{"self":[{"href":"https:\/\/actionmall.act.at\/shop\/69\/wp-json\/wp\/v2\/product\/284"}],"collection":[{"href":"https:\/\/actionmall.act.at\/shop\/69\/wp-json\/wp\/v2\/product"}],"about":[{"href":"https:\/\/actionmall.act.at\/shop\/69\/wp-json\/wp\/v2\/types\/product"}],"wp:featuredmedia":[{"embeddable":true,"href":"https:\/\/actionmall.act.at\/shop\/69\/wp-json\/wp\/v2\/media\/285"}],"wp:attachment":[{"href":"https:\/\/actionmall.act.at\/shop\/69\/wp-json\/wp\/v2\/media?parent=284"}],"wp:term":[{"taxonomy":"product_cat","embeddable":true,"href":"https:\/\/actionmall.act.at\/shop\/69\/wp-json\/wp\/v2\/product_cat?post=284"},{"taxonomy":"product_tag","embeddable":true,"href":"https:\/\/actionmall.act.at\/shop\/69\/wp-json\/wp\/v2\/product_tag?post=284"}],"curies":[{"name":"wp","href":"https:\/\/api.w.org\/{rel}","templated":true}]}}