{"id":268,"date":"2026-05-11T12:10:47","date_gmt":"2026-05-11T10:10:47","guid":{"rendered":"https:\/\/actionmall.act.at\/shop\/858\/?post_type=product&#038;p=268"},"modified":"2026-05-11T12:15:10","modified_gmt":"2026-05-11T10:15:10","slug":"wildpreiselbeere-konfituere-450g","status":"publish","type":"product","link":"https:\/\/actionmall.act.at\/shop\/858\/produkt\/wildpreiselbeere-konfituere-450g\/","title":{"rendered":"Wildpreiselbeere Konfit\u00fcre 450g"},"content":{"rendered":"","protected":false},"excerpt":{"rendered":"<div class=\"relative w-full overflow-visible\">\n<section class=\"text-token-text-primary w-full focus:outline-none [--shadow-height:45px] has-data-writing-block:pointer-events-none has-data-writing-block:-mt-(--shadow-height) has-data-writing-block:pt-(--shadow-height) [&#038;:has([data-writing-block])>*]:pointer-events-auto R6Vx5W_threadScrollVars scroll-mb-[calc(var(&#8211;scroll-root-safe-area-inset-bottom,0px)+var(&#8211;thread-response-height))] scroll-mt-(&#8211;header-height)&#8220; dir=&#8220;auto&#8220; data-turn-id=&#8220;99e833ed-d8ed-4595-aa0b-26ebf8f1859f&#8220; data-turn-id-container=&#8220;99e833ed-d8ed-4595-aa0b-26ebf8f1859f&#8220; data-testid=&#8220;conversation-turn-5&#8243; data-scroll-anchor=&#8220;false&#8220; data-turn=&#8220;user&#8220;><\/p>\n<div class=\"text-base my-auto mx-auto pt-12 [--thread-content-margin:var(--thread-content-margin-xs,calc(var(--spacing)*4))] @w-sm\/main:[--thread-content-margin:var(--thread-content-margin-sm,calc(var(--spacing)*6))] @w-lg\/main:[--thread-content-margin:var(--thread-content-margin-lg,calc(var(--spacing)*16))] px-(--thread-content-margin)\">\n<div class=\"[--thread-content-max-width:40rem] @w-lg\/main:[--thread-content-max-width:48rem] mx-auto max-w-(--thread-content-max-width) flex-1 group\/turn-messages focus-visible:outline-hidden relative flex w-full min-w-0 flex-col\">\n<div class=\"flex max-w-full flex-col gap-4 grow\">\n<div class=\"min-h-8 text-message relative flex w-full flex-col items-end gap-2 text-start break-words whitespace-normal outline-none keyboard-focused:focus-ring [.text-message+&#038;]:mt-1\" dir=\"auto\" data-message-author-role=\"user\" data-message-id=\"99e833ed-d8ed-4595-aa0b-26ebf8f1859f\">\n<div class=\"flex w-full flex-col gap-1 empty:hidden items-end rtl:items-start\">\n<div class=\"flex flex-col w-fit max-w-(--user-chat-width,70%) items-start self-end rtl:items-end rtl:self-start\">\n<div class=\"user-message-bubble-color corner-superellipse\/0.98 relative min-w-0 overflow-hidden rounded-[22px] px-4 py-2.5 leading-6 w-full\">\n<div class=\"A_HxFq_root\" data-custom-highlighting-behavior=\"boundary\" data-testid=\"collapsible-user-message-root\">\n<div id=\"_r_1b_\" class=\"A_HxFq_content\" data-testid=\"collapsible-user-message-content\">\n<div class=\"max-w-full min-w-0 [overflow-wrap:anywhere] whitespace-pre-wrap\"><strong data-start=\"0\" data-end=\"36\" data-is-only-node=\"\">Wildpreiselbeere Konfit\u00fcre 450 g<\/strong> ist eine fruchtig-herbe Konfit\u00fcre aus aromatischen Wildpreiselbeeren mit intensivem Waldfruchtgeschmack. Sie passt hervorragend zu Wildgerichten, K\u00e4se, Desserts oder als fruchtiger Brotaufstrich. Die Konfit\u00fcre \u00fcberzeugt durch ihre ausgewogene S\u00fc\u00dfe und den nat\u00fcrlichen Geschmack der Preiselbeeren.<\/div>\n<\/div>\n<\/div>\n<\/div>\n<\/div>\n<\/div>\n<\/div>\n<\/div>\n<\/div>\n<\/div>\n<\/section>\n<\/div>\n","protected":false},"featured_media":269,"template":"","meta":[],"product_cat":[44],"product_tag":[],"class_list":{"0":"post-268","1":"product","2":"type-product","3":"status-publish","4":"has-post-thumbnail","6":"product_cat-essen-und-trinken","8":"first","9":"instock","10":"taxable","11":"shipping-taxable","12":"purchasable","13":"product-type-simple"},"_links":{"self":[{"href":"https:\/\/actionmall.act.at\/shop\/858\/wp-json\/wp\/v2\/product\/268"}],"collection":[{"href":"https:\/\/actionmall.act.at\/shop\/858\/wp-json\/wp\/v2\/product"}],"about":[{"href":"https:\/\/actionmall.act.at\/shop\/858\/wp-json\/wp\/v2\/types\/product"}],"wp:featuredmedia":[{"embeddable":true,"href":"https:\/\/actionmall.act.at\/shop\/858\/wp-json\/wp\/v2\/media\/269"}],"wp:attachment":[{"href":"https:\/\/actionmall.act.at\/shop\/858\/wp-json\/wp\/v2\/media?parent=268"}],"wp:term":[{"taxonomy":"product_cat","embeddable":true,"href":"https:\/\/actionmall.act.at\/shop\/858\/wp-json\/wp\/v2\/product_cat?post=268"},{"taxonomy":"product_tag","embeddable":true,"href":"https:\/\/actionmall.act.at\/shop\/858\/wp-json\/wp\/v2\/product_tag?post=268"}],"curies":[{"name":"wp","href":"https:\/\/api.w.org\/{rel}","templated":true}]}}