{"id":641,"date":"2026-03-11T10:52:26","date_gmt":"2026-03-11T09:52:26","guid":{"rendered":"https:\/\/actionmall.act.at\/shop\/867\/?post_type=product&#038;p=641"},"modified":"2026-03-11T10:52:26","modified_gmt":"2026-03-11T09:52:26","slug":"20er-packung-tam-tam-shot","status":"publish","type":"product","link":"https:\/\/actionmall.act.at\/shop\/867\/produkt\/20er-packung-tam-tam-shot\/","title":{"rendered":"20er Packung &#8211; TAM-TAM Shot"},"content":{"rendered":"<p>Der <strong>TAM-TAM-Shot<\/strong> ist ein innovatives Kaffee-Spray f\u00fcr unterwegs. Ein kurzer Spr\u00fchsto\u00df liefert die Kraft von <strong>einem halben Espresso<\/strong> und sorgt sofort f\u00fcr einen schnellen Energie- und Koffein-Kick. Die kompakte Flasche passt in jede Tasche und ist perfekt f\u00fcr Arbeit, Schule, Sport oder Reisen. Jetzt in 20er-Set verf\u00fcgbar!<\/p>\n","protected":false},"excerpt":{"rendered":"<p>Der TAM-TAM-Shot ist ein innovatives Kaffee-Spray f\u00fcr unterwegs. Ein kurzer Spr\u00fchsto\u00df liefert die Kraft von einem halben Espresso und sorgt sofort f\u00fcr einen schnellen Energie- und Koffein-Kick. Die kompakte Flasche passt in jede Tasche und ist perfekt f\u00fcr Arbeit, Schule, Sport oder Reisen. Jetzt in 20er-Set verf\u00fcgbar!<\/p>\n","protected":false},"featured_media":642,"template":"","meta":[],"product_cat":[35,43,44,45,46,47],"product_tag":[],"class_list":{"0":"post-641","1":"product","2":"type-product","3":"status-publish","4":"has-post-thumbnail","6":"product_cat-bekleidung-und-zubehoer","7":"product_cat-unterhaltung-freizeit-und-kultur","8":"product_cat-essen-und-trinken","9":"product_cat-sport-veranstaltungen-hobbies","10":"product_cat-gesundheit-und-wellness","11":"product_cat-buero-und-bueroeinrichtung","13":"first","14":"instock","15":"taxable","16":"shipping-taxable","17":"purchasable","18":"product-type-simple"},"_links":{"self":[{"href":"https:\/\/actionmall.act.at\/shop\/867\/wp-json\/wp\/v2\/product\/641"}],"collection":[{"href":"https:\/\/actionmall.act.at\/shop\/867\/wp-json\/wp\/v2\/product"}],"about":[{"href":"https:\/\/actionmall.act.at\/shop\/867\/wp-json\/wp\/v2\/types\/product"}],"wp:featuredmedia":[{"embeddable":true,"href":"https:\/\/actionmall.act.at\/shop\/867\/wp-json\/wp\/v2\/media\/642"}],"wp:attachment":[{"href":"https:\/\/actionmall.act.at\/shop\/867\/wp-json\/wp\/v2\/media?parent=641"}],"wp:term":[{"taxonomy":"product_cat","embeddable":true,"href":"https:\/\/actionmall.act.at\/shop\/867\/wp-json\/wp\/v2\/product_cat?post=641"},{"taxonomy":"product_tag","embeddable":true,"href":"https:\/\/actionmall.act.at\/shop\/867\/wp-json\/wp\/v2\/product_tag?post=641"}],"curies":[{"name":"wp","href":"https:\/\/api.w.org\/{rel}","templated":true}]}}