{"id":297,"date":"2025-05-07T14:56:42","date_gmt":"2025-05-07T12:56:42","guid":{"rendered":"https:\/\/actionmall.act.at\/shop\/868\/?post_type=product&#038;p=297"},"modified":"2026-01-07T13:03:30","modified_gmt":"2026-01-07T12:03:30","slug":"stanley-iceflow-flip-straw-tumbler","status":"publish","type":"product","link":"https:\/\/actionmall.act.at\/shop\/868\/produkt\/stanley-iceflow-flip-straw-tumbler\/","title":{"rendered":"Stanley ICEFLOW FLIP STRAW TUMBLER"},"content":{"rendered":"<p>Ideal f\u00fcr den Weg zur Arbeit oder das Workout, sorgt der praktische Flip Strohhalm f\u00fcr ein einfaches Trinken. Er h\u00e4lt Ihr Getr\u00e4nk f\u00fcr 12 Stunden warm und 48 Stunden eisgek\u00fchlt, ganz ohne Auslaufen.<\/p>\n<p><strong>Praktischer Tragegriff<br \/>\n<\/strong><strong>Flip Strohhalm<br \/>\n<\/strong><strong>0.89L F\u00fcllinhalt<br \/>\n<\/strong><strong>Sp\u00fclmaschinenfest<\/strong><\/p>\n","protected":false},"excerpt":{"rendered":"<p>Ideal f\u00fcr den Weg zur Arbeit oder das Workout, sorgt der praktische Flip Strohhalm f\u00fcr ein einfaches Trinken. Er h\u00e4lt Ihr Getr\u00e4nk f\u00fcr 12 Stunden warm und 48 Stunden eisgek\u00fchlt, ganz ohne Auslaufen. Praktischer Tragegriff Flip Strohhalm 0.89L F\u00fcllinhalt Sp\u00fclmaschinenfest<\/p>\n","protected":false},"featured_media":404,"template":"","meta":[],"product_cat":[],"product_tag":[],"class_list":{"0":"post-297","1":"product","2":"type-product","3":"status-publish","4":"has-post-thumbnail","7":"first","8":"instock","9":"taxable","10":"shipping-taxable","11":"purchasable","12":"product-type-simple"},"_links":{"self":[{"href":"https:\/\/actionmall.act.at\/shop\/868\/wp-json\/wp\/v2\/product\/297"}],"collection":[{"href":"https:\/\/actionmall.act.at\/shop\/868\/wp-json\/wp\/v2\/product"}],"about":[{"href":"https:\/\/actionmall.act.at\/shop\/868\/wp-json\/wp\/v2\/types\/product"}],"wp:featuredmedia":[{"embeddable":true,"href":"https:\/\/actionmall.act.at\/shop\/868\/wp-json\/wp\/v2\/media\/404"}],"wp:attachment":[{"href":"https:\/\/actionmall.act.at\/shop\/868\/wp-json\/wp\/v2\/media?parent=297"}],"wp:term":[{"taxonomy":"product_cat","embeddable":true,"href":"https:\/\/actionmall.act.at\/shop\/868\/wp-json\/wp\/v2\/product_cat?post=297"},{"taxonomy":"product_tag","embeddable":true,"href":"https:\/\/actionmall.act.at\/shop\/868\/wp-json\/wp\/v2\/product_tag?post=297"}],"curies":[{"name":"wp","href":"https:\/\/api.w.org\/{rel}","templated":true}]}}