{"id":317,"date":"2025-05-14T12:26:30","date_gmt":"2025-05-14T10:26:30","guid":{"rendered":"https:\/\/actionmall.act.at\/shop\/868\/?post_type=product&#038;p=317"},"modified":"2026-01-07T13:01:27","modified_gmt":"2026-01-07T12:01:27","slug":"lenovo-thinkpad-essential-wireless-mouse","status":"publish","type":"product","link":"https:\/\/actionmall.act.at\/shop\/868\/produkt\/lenovo-thinkpad-essential-wireless-mouse\/","title":{"rendered":"Lenovo ThinkPad Essential Wireless Mouse"},"content":{"rendered":"<p>Pr\u00e4ziser optischer Sensor mit 1200 dpi<br \/>\nVerbinden Sie kompatible Lenovo Ger\u00e4te mit nur 1 Nano-Empf\u00e4nger<br \/>\n3 Tasten (1) Linksklick, (2) Rechtsklick, (3) Rad anklicken<br \/>\nBeidh\u00e4ndig gestaltetes Design f\u00fcr Komfort f\u00fcr die linke und rechte Hand<br \/>\n1 AA-Batterie f\u00fcr 12 Monate Batterielebensdauer<\/p>\n","protected":false},"excerpt":{"rendered":"<p>Pr\u00e4ziser optischer Sensor mit 1200 dpi Verbinden Sie kompatible Lenovo Ger\u00e4te mit nur 1 Nano-Empf\u00e4nger 3 Tasten (1) Linksklick, (2) Rechtsklick, (3) Rad anklicken Beidh\u00e4ndig gestaltetes Design f\u00fcr Komfort f\u00fcr die linke und rechte Hand 1 AA-Batterie f\u00fcr 12 Monate Batterielebensdauer<\/p>\n","protected":false},"featured_media":395,"template":"","meta":[],"product_cat":[],"product_tag":[],"class_list":{"0":"post-317","1":"product","2":"type-product","3":"status-publish","4":"has-post-thumbnail","7":"first","8":"instock","9":"taxable","10":"shipping-taxable","11":"purchasable","12":"product-type-simple"},"_links":{"self":[{"href":"https:\/\/actionmall.act.at\/shop\/868\/wp-json\/wp\/v2\/product\/317"}],"collection":[{"href":"https:\/\/actionmall.act.at\/shop\/868\/wp-json\/wp\/v2\/product"}],"about":[{"href":"https:\/\/actionmall.act.at\/shop\/868\/wp-json\/wp\/v2\/types\/product"}],"wp:featuredmedia":[{"embeddable":true,"href":"https:\/\/actionmall.act.at\/shop\/868\/wp-json\/wp\/v2\/media\/395"}],"wp:attachment":[{"href":"https:\/\/actionmall.act.at\/shop\/868\/wp-json\/wp\/v2\/media?parent=317"}],"wp:term":[{"taxonomy":"product_cat","embeddable":true,"href":"https:\/\/actionmall.act.at\/shop\/868\/wp-json\/wp\/v2\/product_cat?post=317"},{"taxonomy":"product_tag","embeddable":true,"href":"https:\/\/actionmall.act.at\/shop\/868\/wp-json\/wp\/v2\/product_tag?post=317"}],"curies":[{"name":"wp","href":"https:\/\/api.w.org\/{rel}","templated":true}]}}