{"id":324,"date":"2025-05-14T12:55:04","date_gmt":"2025-05-14T10:55:04","guid":{"rendered":"https:\/\/actionmall.act.at\/shop\/868\/?post_type=product&#038;p=324"},"modified":"2026-01-07T12:59:19","modified_gmt":"2026-01-07T11:59:19","slug":"capisco-ergonomischer-sattelstuhl","status":"publish","type":"product","link":"https:\/\/actionmall.act.at\/shop\/868\/produkt\/capisco-ergonomischer-sattelstuhl\/","title":{"rendered":"Capisco &#8211; Ergonomischer Sattelstuhl"},"content":{"rendered":"<p>Dieser Sattelstuhl entlastet R\u00fccken und H\u00fcfte und eignet sich ideal f\u00fcr B\u00fcro, Homeoffice oder Praxis. Dank seiner flexiblen Einstellm\u00f6glichkeiten passt er sich individuell an und sorgt f\u00fcr ein angenehmes Sitzgef\u00fchl.<\/p>\n<p><strong>Unterst\u00fctzt aufrechte Sitzhaltung<br \/>\n<\/strong><strong>Sattelsitz-Design<br \/>\n<\/strong><strong>Leichtg\u00e4ngige Rollen<\/strong><\/p>\n","protected":false},"excerpt":{"rendered":"<p>Dieser Sattelstuhl entlastet R\u00fccken und H\u00fcfte und eignet sich ideal f\u00fcr B\u00fcro, Homeoffice oder Praxis. Dank seiner flexiblen Einstellm\u00f6glichkeiten passt er sich individuell an und sorgt f\u00fcr ein angenehmes Sitzgef\u00fchl. Unterst\u00fctzt aufrechte Sitzhaltung Sattelsitz-Design Leichtg\u00e4ngige Rollen<\/p>\n","protected":false},"featured_media":396,"template":"","meta":[],"product_cat":[],"product_tag":[],"class_list":{"0":"post-324","1":"product","2":"type-product","3":"status-publish","4":"has-post-thumbnail","7":"first","8":"instock","9":"taxable","10":"shipping-taxable","11":"purchasable","12":"product-type-simple"},"_links":{"self":[{"href":"https:\/\/actionmall.act.at\/shop\/868\/wp-json\/wp\/v2\/product\/324"}],"collection":[{"href":"https:\/\/actionmall.act.at\/shop\/868\/wp-json\/wp\/v2\/product"}],"about":[{"href":"https:\/\/actionmall.act.at\/shop\/868\/wp-json\/wp\/v2\/types\/product"}],"wp:featuredmedia":[{"embeddable":true,"href":"https:\/\/actionmall.act.at\/shop\/868\/wp-json\/wp\/v2\/media\/396"}],"wp:attachment":[{"href":"https:\/\/actionmall.act.at\/shop\/868\/wp-json\/wp\/v2\/media?parent=324"}],"wp:term":[{"taxonomy":"product_cat","embeddable":true,"href":"https:\/\/actionmall.act.at\/shop\/868\/wp-json\/wp\/v2\/product_cat?post=324"},{"taxonomy":"product_tag","embeddable":true,"href":"https:\/\/actionmall.act.at\/shop\/868\/wp-json\/wp\/v2\/product_tag?post=324"}],"curies":[{"name":"wp","href":"https:\/\/api.w.org\/{rel}","templated":true}]}}