{"id":420,"date":"2025-11-19T12:27:56","date_gmt":"2025-11-19T11:27:56","guid":{"rendered":"https:\/\/actionmall.act.at\/shop\/868\/?post_type=product&#038;p=420"},"modified":"2026-01-07T12:57:44","modified_gmt":"2026-01-07T11:57:44","slug":"iphone-17-pro-256gb-weiss","status":"publish","type":"product","link":"https:\/\/actionmall.act.at\/shop\/868\/produkt\/iphone-17-pro-256gb-weiss\/","title":{"rendered":"iPhone 17 Pro 256GB, wei\u00df"},"content":{"rendered":"<p>Das iPhone 17 Pro \u00fcberzeugt mit seiner fortschrittlichen Technologie. Perfekt f\u00fcr alle, die Wert auf Top-Performance und ein elegantes Design legen \u2013 ideal f\u00fcr den Alltag, lange Reisen oder kreative Projekte.<\/p>\n","protected":false},"excerpt":{"rendered":"<p>Das iPhone 17 Pro \u00fcberzeugt mit seiner fortschrittlichen Technologie. Perfekt f\u00fcr alle, die Wert auf Top-Performance und ein elegantes Design legen \u2013 ideal f\u00fcr den Alltag, lange Reisen oder kreative Projekte.<\/p>\n","protected":false},"featured_media":422,"template":"","meta":[],"product_cat":[],"product_tag":[],"class_list":{"0":"post-420","1":"product","2":"type-product","3":"status-publish","4":"has-post-thumbnail","7":"first","8":"instock","9":"taxable","10":"shipping-taxable","11":"purchasable","12":"product-type-simple"},"_links":{"self":[{"href":"https:\/\/actionmall.act.at\/shop\/868\/wp-json\/wp\/v2\/product\/420"}],"collection":[{"href":"https:\/\/actionmall.act.at\/shop\/868\/wp-json\/wp\/v2\/product"}],"about":[{"href":"https:\/\/actionmall.act.at\/shop\/868\/wp-json\/wp\/v2\/types\/product"}],"wp:featuredmedia":[{"embeddable":true,"href":"https:\/\/actionmall.act.at\/shop\/868\/wp-json\/wp\/v2\/media\/422"}],"wp:attachment":[{"href":"https:\/\/actionmall.act.at\/shop\/868\/wp-json\/wp\/v2\/media?parent=420"}],"wp:term":[{"taxonomy":"product_cat","embeddable":true,"href":"https:\/\/actionmall.act.at\/shop\/868\/wp-json\/wp\/v2\/product_cat?post=420"},{"taxonomy":"product_tag","embeddable":true,"href":"https:\/\/actionmall.act.at\/shop\/868\/wp-json\/wp\/v2\/product_tag?post=420"}],"curies":[{"name":"wp","href":"https:\/\/api.w.org\/{rel}","templated":true}]}}