{"id":425,"date":"2025-11-19T14:26:05","date_gmt":"2025-11-19T13:26:05","guid":{"rendered":"https:\/\/actionmall.act.at\/shop\/868\/?post_type=product&#038;p=425"},"modified":"2026-01-07T12:57:21","modified_gmt":"2026-01-07T11:57:21","slug":"aoc-27b3hm-monitor","status":"publish","type":"product","link":"https:\/\/actionmall.act.at\/shop\/868\/produkt\/aoc-27b3hm-monitor\/","title":{"rendered":"AOC 27B3HM Monitor"},"content":{"rendered":"<p>Der AOC 27B3HM ist ein rahmenloser 27&#8243;-Full-HD-Monitor mit VA-Panel, 75 Hz und AMD FreeSync f\u00fcr klare, fl\u00fcssige Bilder.<\/p>\n<p>Starke Kontraste, weite Blickwinkel sowie Flicker-Free und Low Blue Light sorgen f\u00fcr komfortables Arbeiten. Mit HDMI und VESA ist er flexibel f\u00fcr Homeoffice, Entertainment und Multi-Monitor-Setups.<\/p>\n","protected":false},"excerpt":{"rendered":"<p>Der AOC 27B3HM ist ein rahmenloser 27&#8243;-Full-HD-Monitor mit VA-Panel, 75 Hz und AMD FreeSync f\u00fcr klare, fl\u00fcssige Bilder. Starke Kontraste, weite Blickwinkel sowie Flicker-Free und Low Blue Light sorgen f\u00fcr komfortables Arbeiten. Mit HDMI und VESA ist er flexibel f\u00fcr Homeoffice, Entertainment und Multi-Monitor-Setups.<\/p>\n","protected":false},"featured_media":426,"template":"","meta":[],"product_cat":[],"product_tag":[],"class_list":{"0":"post-425","1":"product","2":"type-product","3":"status-publish","4":"has-post-thumbnail","7":"first","8":"instock","9":"taxable","10":"shipping-taxable","11":"purchasable","12":"product-type-simple"},"_links":{"self":[{"href":"https:\/\/actionmall.act.at\/shop\/868\/wp-json\/wp\/v2\/product\/425"}],"collection":[{"href":"https:\/\/actionmall.act.at\/shop\/868\/wp-json\/wp\/v2\/product"}],"about":[{"href":"https:\/\/actionmall.act.at\/shop\/868\/wp-json\/wp\/v2\/types\/product"}],"wp:featuredmedia":[{"embeddable":true,"href":"https:\/\/actionmall.act.at\/shop\/868\/wp-json\/wp\/v2\/media\/426"}],"wp:attachment":[{"href":"https:\/\/actionmall.act.at\/shop\/868\/wp-json\/wp\/v2\/media?parent=425"}],"wp:term":[{"taxonomy":"product_cat","embeddable":true,"href":"https:\/\/actionmall.act.at\/shop\/868\/wp-json\/wp\/v2\/product_cat?post=425"},{"taxonomy":"product_tag","embeddable":true,"href":"https:\/\/actionmall.act.at\/shop\/868\/wp-json\/wp\/v2\/product_tag?post=425"}],"curies":[{"name":"wp","href":"https:\/\/api.w.org\/{rel}","templated":true}]}}